{"id":49,"date":"2021-05-03T09:19:47","date_gmt":"2021-05-03T07:19:47","guid":{"rendered":"https:\/\/kerlevenez.stjoseph.ovh\/?page_id=49"},"modified":"2023-02-14T11:25:52","modified_gmt":"2023-02-14T10:25:52","slug":"histoire-de-la-maison","status":"publish","type":"page","link":"https:\/\/villagesaintjoseph.org\/kerlevenez\/histoire-de-la-maison\/","title":{"rendered":"Histoire de la Maison"},"content":{"rendered":"\n<p>Ouverte depuis septembre 2020,<strong> Kerl\u00e9v\u00e9nez-Maison de la joie<\/strong>&#8211; accueille une dizaine de personnes. La maison-\u00e9glise domestique &#8211; est port\u00e9e par une famille. Et c&rsquo;est un couple orl\u00e9anais, <strong>Antoine et H\u00e9l\u00e8ne Viot<\/strong>, qui a accept\u00e9 cette mission d&rsquo;ouverture et de d\u00e9buts de la maison. Depuis l&rsquo;ouverture de Kerl\u00e9v\u00e9nez, le parc et les b\u00e2timents se transforment avec de <strong>nombreux travaux de r\u00e9novation et de cr\u00e9ation<\/strong> (parc, potager, chapelle&#8230;).<\/p>\n\n\n\n<div class=\"wp-block-pb-accordion-item c-accordion__item js-accordion-item no-js\" data-initially-open=\"false\" data-click-to-close=\"true\" data-auto-close=\"true\" data-scroll=\"false\" data-scroll-offset=\"0\"><h4 id=\"at-490\" class=\"c-accordion__title js-accordion-controller\" role=\"button\">Lire la suite&#8230;<\/h4><div id=\"ac-490\" class=\"c-accordion__content\">\n<p> Au c\u0153ur d&rsquo;un <strong>parc magnifique<\/strong>, la maison et le terrain <strong>(jardin et potager)<\/strong> sont mis \u00e0 disposition par les <strong>s\u0153urs de Saint Joseph de Cluny, <\/strong>congr\u00e9gation fond\u00e9e par Anne-Marie Javouhey en<strong> 1807<\/strong>. Kerl\u00e9n\u00e9vez \u00e9tait habit\u00e9e par les s\u0153urs \u00ab\u00a0a\u00een\u00e9es\u00a0\u00bb avant qu&rsquo;elles ne d\u00e9m\u00e9nagent dans l&rsquo;ancien centre spirituel Ti Mam Dou\u00e9 en 2018, juste \u00e0 c\u00f4t\u00e9 de la maison. Les s\u0153urs, appr\u00e9ci\u00e9es pour la qualit\u00e9 de leur accueil, portent par leur pri\u00e8re la mission du Village.  <\/p>\n<\/div><\/div>\n\n\n\n<p> <\/p>\n\n\n\n<figure class=\"wp-block-gallery has-nested-images columns-default is-cropped wp-block-gallery-1 is-layout-flex wp-block-gallery-is-layout-flex\">\n<figure class=\"wp-block-image size-large\"><img loading=\"lazy\" decoding=\"async\" width=\"1024\" height=\"768\" data-id=\"890\" src=\"https:\/\/villagesaintjoseph.org\/kerlevenez\/wp-content\/uploads\/sites\/2\/2021\/12\/20210919_172208-Copie-1024x768.jpeg\" alt=\"\" class=\"wp-image-890\" srcset=\"https:\/\/villagesaintjoseph.org\/kerlevenez\/wp-content\/uploads\/sites\/2\/2021\/12\/20210919_172208-Copie-1024x768.jpeg 1024w, https:\/\/villagesaintjoseph.org\/kerlevenez\/wp-content\/uploads\/sites\/2\/2021\/12\/20210919_172208-Copie-300x225.jpeg 300w, https:\/\/villagesaintjoseph.org\/kerlevenez\/wp-content\/uploads\/sites\/2\/2021\/12\/20210919_172208-Copie-768x576.jpeg 768w, https:\/\/villagesaintjoseph.org\/kerlevenez\/wp-content\/uploads\/sites\/2\/2021\/12\/20210919_172208-Copie-1536x1152.jpeg 1536w, https:\/\/villagesaintjoseph.org\/kerlevenez\/wp-content\/uploads\/sites\/2\/2021\/12\/20210919_172208-Copie-2048x1536.jpeg 2048w, https:\/\/villagesaintjoseph.org\/kerlevenez\/wp-content\/uploads\/sites\/2\/2021\/12\/20210919_172208-Copie-1600x1200.jpeg 1600w, https:\/\/villagesaintjoseph.org\/kerlevenez\/wp-content\/uploads\/sites\/2\/2021\/12\/20210919_172208-Copie-1400x1050.jpeg 1400w\" sizes=\"auto, (max-width: 1024px) 100vw, 1024px\" \/><\/figure>\n\n\n\n<figure class=\"wp-block-image size-large\"><img loading=\"lazy\" decoding=\"async\" width=\"768\" height=\"1024\" data-id=\"891\" src=\"https:\/\/villagesaintjoseph.org\/kerlevenez\/wp-content\/uploads\/sites\/2\/2021\/12\/20210922_093553-768x1024.jpeg\" alt=\"\" class=\"wp-image-891\" srcset=\"https:\/\/villagesaintjoseph.org\/kerlevenez\/wp-content\/uploads\/sites\/2\/2021\/12\/20210922_093553-768x1024.jpeg 768w, https:\/\/villagesaintjoseph.org\/kerlevenez\/wp-content\/uploads\/sites\/2\/2021\/12\/20210922_093553-225x300.jpeg 225w, https:\/\/villagesaintjoseph.org\/kerlevenez\/wp-content\/uploads\/sites\/2\/2021\/12\/20210922_093553-1152x1536.jpeg 1152w, https:\/\/villagesaintjoseph.org\/kerlevenez\/wp-content\/uploads\/sites\/2\/2021\/12\/20210922_093553-1536x2048.jpeg 1536w, https:\/\/villagesaintjoseph.org\/kerlevenez\/wp-content\/uploads\/sites\/2\/2021\/12\/20210922_093553-1600x2133.jpeg 1600w, https:\/\/villagesaintjoseph.org\/kerlevenez\/wp-content\/uploads\/sites\/2\/2021\/12\/20210922_093553-1050x1400.jpeg 1050w, https:\/\/villagesaintjoseph.org\/kerlevenez\/wp-content\/uploads\/sites\/2\/2021\/12\/20210922_093553-scaled.jpeg 1920w\" sizes=\"auto, (max-width: 768px) 100vw, 768px\" \/><\/figure>\n\n\n\n<figure class=\"wp-block-image size-large\"><img loading=\"lazy\" decoding=\"async\" width=\"1024\" height=\"768\" data-id=\"893\" src=\"https:\/\/villagesaintjoseph.org\/kerlevenez\/wp-content\/uploads\/sites\/2\/2021\/12\/DSC02749-1024x768.jpg\" alt=\"\" class=\"wp-image-893\" srcset=\"https:\/\/villagesaintjoseph.org\/kerlevenez\/wp-content\/uploads\/sites\/2\/2021\/12\/DSC02749-1024x768.jpg 1024w, https:\/\/villagesaintjoseph.org\/kerlevenez\/wp-content\/uploads\/sites\/2\/2021\/12\/DSC02749-300x225.jpg 300w, https:\/\/villagesaintjoseph.org\/kerlevenez\/wp-content\/uploads\/sites\/2\/2021\/12\/DSC02749-768x576.jpg 768w, https:\/\/villagesaintjoseph.org\/kerlevenez\/wp-content\/uploads\/sites\/2\/2021\/12\/DSC02749-1536x1152.jpg 1536w, https:\/\/villagesaintjoseph.org\/kerlevenez\/wp-content\/uploads\/sites\/2\/2021\/12\/DSC02749-2048x1536.jpg 2048w, https:\/\/villagesaintjoseph.org\/kerlevenez\/wp-content\/uploads\/sites\/2\/2021\/12\/DSC02749-1600x1200.jpg 1600w, https:\/\/villagesaintjoseph.org\/kerlevenez\/wp-content\/uploads\/sites\/2\/2021\/12\/DSC02749-1400x1050.jpg 1400w\" sizes=\"auto, (max-width: 1024px) 100vw, 1024px\" \/><\/figure>\n<\/figure>\n\n\n\n<hr class=\"wp-block-separator has-text-color has-orange-color has-alpha-channel-opacity has-orange-background-color has-background is-style-dots\"\/>\n\n\n<section class=\"grille-enfants grid-x grid-container grid-margin-x align-center\">\n\n        \n                <a href=\"https:\/\/villagesaintjoseph.org\/kerlevenez\/les-3-pilliers\/\" class=\" grille-enfants__item cell large-4 medium-6 small-12\">\n                    <img loading=\"lazy\" decoding=\"async\" width=\"500\" height=\"250\" src=\"https:\/\/villagesaintjoseph.org\/kerlevenez\/wp-content\/uploads\/sites\/2\/2021\/12\/DSC02785-2-500x250.jpg\" class=\"attachment-miniature_medium size-miniature_medium\" alt=\"\" \/>                    <p class=\"grille-enfants__item__title\">Les trois piliers<\/p>\n                                     <\/a>  \n\n          \n\n    <\/section> \n \n\n\n\n<div class=\"wp-block-buttons is-horizontal is-content-justification-center is-layout-flex wp-container-core-buttons-is-layout-03627597 wp-block-buttons-is-layout-flex\">\n<div class=\"wp-block-button is-style-fill\"><a class=\"wp-block-button__link has-white-color has-luminous-vivid-orange-background-color has-text-color has-background wp-element-button\" href=\"https:\/\/villagesaintjoseph.org\/kerlevenez\/neswletter-maison-de-kerlevenez\/\">Nous contacter<\/a><\/div>\n<\/div>\n","protected":false},"excerpt":{"rendered":"<p>Ouverte depuis septembre 2020, Kerl\u00e9v\u00e9nez-Maison de la joie&#8211; accueille une dizaine de personnes. La maison-\u00e9glise domestique &#8211; est port\u00e9e par une famille. Et c&rsquo;est un couple orl\u00e9anais, Antoine et H\u00e9l\u00e8ne Viot, qui a accept\u00e9 cette mission d&rsquo;ouverture et de d\u00e9buts de la maison. Depuis l&rsquo;ouverture de Kerl\u00e9v\u00e9nez, le parc et les b\u00e2timents se transforment avec [&hellip;]<\/p>\n","protected":false},"author":1,"featured_media":888,"parent":0,"menu_order":1,"comment_status":"closed","ping_status":"closed","template":"","meta":{"inline_featured_image":false,"footnotes":""},"class_list":["post-49","page","type-page","status-publish","has-post-thumbnail","hentry"],"acf":[],"yoast_head":"<!-- This site is optimized with the Yoast SEO plugin v27.4 - https:\/\/yoast.com\/product\/yoast-seo-wordpress\/ -->\n<title>Histoire de la Maison - Maison de Kerl\u00e9v\u00e9nez<\/title>\n<meta name=\"description\" content=\"Ouverte depuis septembre 2020, Kerl\u00e9v\u00e9nez-Maison de la joie- accueille une dizaine de personnes. La maison-\u00e9glise domestique - est port\u00e9e par une famille.\" \/>\n<meta name=\"robots\" content=\"index, follow, max-snippet:-1, max-image-preview:large, max-video-preview:-1\" \/>\n<link rel=\"canonical\" href=\"https:\/\/villagesaintjoseph.org\/kerlevenez\/maison-de-kerlevenez__trashed\/histoire-de-la-maison\/\" \/>\n<meta property=\"og:locale\" content=\"fr_FR\" \/>\n<meta property=\"og:type\" content=\"article\" \/>\n<meta property=\"og:title\" content=\"Histoire de la Maison - Maison de Kerl\u00e9v\u00e9nez\" \/>\n<meta property=\"og:description\" content=\"Ouverte depuis septembre 2020, Kerl\u00e9v\u00e9nez-Maison de la joie- accueille une dizaine de personnes. La maison-\u00e9glise domestique - est port\u00e9e par une famille.\" \/>\n<meta property=\"og:url\" content=\"https:\/\/villagesaintjoseph.org\/kerlevenez\/maison-de-kerlevenez__trashed\/histoire-de-la-maison\/\" \/>\n<meta property=\"og:site_name\" content=\"Maison de Kerl\u00e9v\u00e9nez\" \/>\n<meta property=\"article:modified_time\" content=\"2023-02-14T10:25:52+00:00\" \/>\n<meta property=\"og:image\" content=\"https:\/\/villagesaintjoseph.org\/kerlevenez\/wp-content\/uploads\/sites\/2\/2021\/12\/DSC02785-2.jpg\" \/>\n\t<meta property=\"og:image:width\" content=\"2500\" \/>\n\t<meta property=\"og:image:height\" content=\"1875\" \/>\n\t<meta property=\"og:image:type\" content=\"image\/jpeg\" \/>\n<meta name=\"twitter:card\" content=\"summary_large_image\" \/>\n<meta name=\"twitter:label1\" content=\"Dur\u00e9e de lecture estim\u00e9e\" \/>\n\t<meta name=\"twitter:data1\" content=\"1 minute\" \/>\n<script type=\"application\/ld+json\" class=\"yoast-schema-graph\">{\"@context\":\"https:\\\/\\\/schema.org\",\"@graph\":[{\"@type\":\"WebPage\",\"@id\":\"https:\\\/\\\/villagesaintjoseph.org\\\/kerlevenez\\\/maison-de-kerlevenez__trashed\\\/histoire-de-la-maison\\\/\",\"url\":\"https:\\\/\\\/villagesaintjoseph.org\\\/kerlevenez\\\/maison-de-kerlevenez__trashed\\\/histoire-de-la-maison\\\/\",\"name\":\"Histoire de la Maison - Maison de Kerl\u00e9v\u00e9nez\",\"isPartOf\":{\"@id\":\"https:\\\/\\\/villagesaintjoseph.org\\\/kerlevenez\\\/#website\"},\"primaryImageOfPage\":{\"@id\":\"https:\\\/\\\/villagesaintjoseph.org\\\/kerlevenez\\\/maison-de-kerlevenez__trashed\\\/histoire-de-la-maison\\\/#primaryimage\"},\"image\":{\"@id\":\"https:\\\/\\\/villagesaintjoseph.org\\\/kerlevenez\\\/maison-de-kerlevenez__trashed\\\/histoire-de-la-maison\\\/#primaryimage\"},\"thumbnailUrl\":\"https:\\\/\\\/villagesaintjoseph.org\\\/kerlevenez\\\/wp-content\\\/uploads\\\/sites\\\/2\\\/2021\\\/12\\\/DSC02785-2.jpg\",\"datePublished\":\"2021-05-03T07:19:47+00:00\",\"dateModified\":\"2023-02-14T10:25:52+00:00\",\"description\":\"Ouverte depuis septembre 2020, Kerl\u00e9v\u00e9nez-Maison de la joie- accueille une dizaine de personnes. La maison-\u00e9glise domestique - est port\u00e9e par une famille.\",\"breadcrumb\":{\"@id\":\"https:\\\/\\\/villagesaintjoseph.org\\\/kerlevenez\\\/maison-de-kerlevenez__trashed\\\/histoire-de-la-maison\\\/#breadcrumb\"},\"inLanguage\":\"fr-FR\",\"potentialAction\":[{\"@type\":\"ReadAction\",\"target\":[\"https:\\\/\\\/villagesaintjoseph.org\\\/kerlevenez\\\/maison-de-kerlevenez__trashed\\\/histoire-de-la-maison\\\/\"]}]},{\"@type\":\"ImageObject\",\"inLanguage\":\"fr-FR\",\"@id\":\"https:\\\/\\\/villagesaintjoseph.org\\\/kerlevenez\\\/maison-de-kerlevenez__trashed\\\/histoire-de-la-maison\\\/#primaryimage\",\"url\":\"https:\\\/\\\/villagesaintjoseph.org\\\/kerlevenez\\\/wp-content\\\/uploads\\\/sites\\\/2\\\/2021\\\/12\\\/DSC02785-2.jpg\",\"contentUrl\":\"https:\\\/\\\/villagesaintjoseph.org\\\/kerlevenez\\\/wp-content\\\/uploads\\\/sites\\\/2\\\/2021\\\/12\\\/DSC02785-2.jpg\",\"width\":2500,\"height\":1875},{\"@type\":\"BreadcrumbList\",\"@id\":\"https:\\\/\\\/villagesaintjoseph.org\\\/kerlevenez\\\/maison-de-kerlevenez__trashed\\\/histoire-de-la-maison\\\/#breadcrumb\",\"itemListElement\":[{\"@type\":\"ListItem\",\"position\":1,\"name\":\"Accueil\",\"item\":\"https:\\\/\\\/villagesaintjoseph.org\\\/kerlevenez\\\/\"},{\"@type\":\"ListItem\",\"position\":2,\"name\":\"Histoire de la Maison\"}]},{\"@type\":\"WebSite\",\"@id\":\"https:\\\/\\\/villagesaintjoseph.org\\\/kerlevenez\\\/#website\",\"url\":\"https:\\\/\\\/villagesaintjoseph.org\\\/kerlevenez\\\/\",\"name\":\"Maison de Kerl\u00e9v\u00e9nez\",\"description\":\"\",\"potentialAction\":[{\"@type\":\"SearchAction\",\"target\":{\"@type\":\"EntryPoint\",\"urlTemplate\":\"https:\\\/\\\/villagesaintjoseph.org\\\/kerlevenez\\\/?s={search_term_string}\"},\"query-input\":{\"@type\":\"PropertyValueSpecification\",\"valueRequired\":true,\"valueName\":\"search_term_string\"}}],\"inLanguage\":\"fr-FR\"}]}<\/script>\n<!-- \/ Yoast SEO plugin. -->","yoast_head_json":{"title":"Histoire de la Maison - Maison de Kerl\u00e9v\u00e9nez","description":"Ouverte depuis septembre 2020, Kerl\u00e9v\u00e9nez-Maison de la joie- accueille une dizaine de personnes. La maison-\u00e9glise domestique - est port\u00e9e par une famille.","robots":{"index":"index","follow":"follow","max-snippet":"max-snippet:-1","max-image-preview":"max-image-preview:large","max-video-preview":"max-video-preview:-1"},"canonical":"https:\/\/villagesaintjoseph.org\/kerlevenez\/maison-de-kerlevenez__trashed\/histoire-de-la-maison\/","og_locale":"fr_FR","og_type":"article","og_title":"Histoire de la Maison - Maison de Kerl\u00e9v\u00e9nez","og_description":"Ouverte depuis septembre 2020, Kerl\u00e9v\u00e9nez-Maison de la joie- accueille une dizaine de personnes. La maison-\u00e9glise domestique - est port\u00e9e par une famille.","og_url":"https:\/\/villagesaintjoseph.org\/kerlevenez\/maison-de-kerlevenez__trashed\/histoire-de-la-maison\/","og_site_name":"Maison de Kerl\u00e9v\u00e9nez","article_modified_time":"2023-02-14T10:25:52+00:00","og_image":[{"width":2500,"height":1875,"url":"https:\/\/villagesaintjoseph.org\/kerlevenez\/wp-content\/uploads\/sites\/2\/2021\/12\/DSC02785-2.jpg","type":"image\/jpeg"}],"twitter_card":"summary_large_image","twitter_misc":{"Dur\u00e9e de lecture estim\u00e9e":"1 minute"},"schema":{"@context":"https:\/\/schema.org","@graph":[{"@type":"WebPage","@id":"https:\/\/villagesaintjoseph.org\/kerlevenez\/maison-de-kerlevenez__trashed\/histoire-de-la-maison\/","url":"https:\/\/villagesaintjoseph.org\/kerlevenez\/maison-de-kerlevenez__trashed\/histoire-de-la-maison\/","name":"Histoire de la Maison - Maison de Kerl\u00e9v\u00e9nez","isPartOf":{"@id":"https:\/\/villagesaintjoseph.org\/kerlevenez\/#website"},"primaryImageOfPage":{"@id":"https:\/\/villagesaintjoseph.org\/kerlevenez\/maison-de-kerlevenez__trashed\/histoire-de-la-maison\/#primaryimage"},"image":{"@id":"https:\/\/villagesaintjoseph.org\/kerlevenez\/maison-de-kerlevenez__trashed\/histoire-de-la-maison\/#primaryimage"},"thumbnailUrl":"https:\/\/villagesaintjoseph.org\/kerlevenez\/wp-content\/uploads\/sites\/2\/2021\/12\/DSC02785-2.jpg","datePublished":"2021-05-03T07:19:47+00:00","dateModified":"2023-02-14T10:25:52+00:00","description":"Ouverte depuis septembre 2020, Kerl\u00e9v\u00e9nez-Maison de la joie- accueille une dizaine de personnes. La maison-\u00e9glise domestique - est port\u00e9e par une famille.","breadcrumb":{"@id":"https:\/\/villagesaintjoseph.org\/kerlevenez\/maison-de-kerlevenez__trashed\/histoire-de-la-maison\/#breadcrumb"},"inLanguage":"fr-FR","potentialAction":[{"@type":"ReadAction","target":["https:\/\/villagesaintjoseph.org\/kerlevenez\/maison-de-kerlevenez__trashed\/histoire-de-la-maison\/"]}]},{"@type":"ImageObject","inLanguage":"fr-FR","@id":"https:\/\/villagesaintjoseph.org\/kerlevenez\/maison-de-kerlevenez__trashed\/histoire-de-la-maison\/#primaryimage","url":"https:\/\/villagesaintjoseph.org\/kerlevenez\/wp-content\/uploads\/sites\/2\/2021\/12\/DSC02785-2.jpg","contentUrl":"https:\/\/villagesaintjoseph.org\/kerlevenez\/wp-content\/uploads\/sites\/2\/2021\/12\/DSC02785-2.jpg","width":2500,"height":1875},{"@type":"BreadcrumbList","@id":"https:\/\/villagesaintjoseph.org\/kerlevenez\/maison-de-kerlevenez__trashed\/histoire-de-la-maison\/#breadcrumb","itemListElement":[{"@type":"ListItem","position":1,"name":"Accueil","item":"https:\/\/villagesaintjoseph.org\/kerlevenez\/"},{"@type":"ListItem","position":2,"name":"Histoire de la Maison"}]},{"@type":"WebSite","@id":"https:\/\/villagesaintjoseph.org\/kerlevenez\/#website","url":"https:\/\/villagesaintjoseph.org\/kerlevenez\/","name":"Maison de Kerl\u00e9v\u00e9nez","description":"","potentialAction":[{"@type":"SearchAction","target":{"@type":"EntryPoint","urlTemplate":"https:\/\/villagesaintjoseph.org\/kerlevenez\/?s={search_term_string}"},"query-input":{"@type":"PropertyValueSpecification","valueRequired":true,"valueName":"search_term_string"}}],"inLanguage":"fr-FR"}]}},"_links":{"self":[{"href":"https:\/\/villagesaintjoseph.org\/kerlevenez\/wp-json\/wp\/v2\/pages\/49","targetHints":{"allow":["GET"]}}],"collection":[{"href":"https:\/\/villagesaintjoseph.org\/kerlevenez\/wp-json\/wp\/v2\/pages"}],"about":[{"href":"https:\/\/villagesaintjoseph.org\/kerlevenez\/wp-json\/wp\/v2\/types\/page"}],"author":[{"embeddable":true,"href":"https:\/\/villagesaintjoseph.org\/kerlevenez\/wp-json\/wp\/v2\/users\/1"}],"replies":[{"embeddable":true,"href":"https:\/\/villagesaintjoseph.org\/kerlevenez\/wp-json\/wp\/v2\/comments?post=49"}],"version-history":[{"count":14,"href":"https:\/\/villagesaintjoseph.org\/kerlevenez\/wp-json\/wp\/v2\/pages\/49\/revisions"}],"predecessor-version":[{"id":1161,"href":"https:\/\/villagesaintjoseph.org\/kerlevenez\/wp-json\/wp\/v2\/pages\/49\/revisions\/1161"}],"wp:featuredmedia":[{"embeddable":true,"href":"https:\/\/villagesaintjoseph.org\/kerlevenez\/wp-json\/wp\/v2\/media\/888"}],"wp:attachment":[{"href":"https:\/\/villagesaintjoseph.org\/kerlevenez\/wp-json\/wp\/v2\/media?parent=49"}],"curies":[{"name":"wp","href":"https:\/\/api.w.org\/{rel}","templated":true}]}}