{"id":14,"date":"2021-04-30T14:53:53","date_gmt":"2021-04-30T12:53:53","guid":{"rendered":"https:\/\/kerlevenez.stjoseph.ovh\/?page_id=14"},"modified":"2025-11-11T14:36:25","modified_gmt":"2025-11-11T13:36:25","slug":"la-maison-de-la-presence","status":"publish","type":"page","link":"https:\/\/villagesaintjoseph.org\/lapresence\/","title":{"rendered":"La Maison de La Pr\u00e9sence"},"content":{"rendered":"<section class=\"grille-enfants grid-x grid-container grid-margin-x align-center\">\n\n        \n                <a href=\"https:\/\/villagesaintjoseph.org\/lapresence\/la-maison-de-la-presence\/histoire-de-la-presence\/\" class=\" grille-enfants__item cell large-4 medium-6 small-12\">\n                    <img loading=\"lazy\" decoding=\"async\" width=\"500\" height=\"250\" src=\"https:\/\/villagesaintjoseph.org\/lapresence\/wp-content\/uploads\/sites\/8\/2022\/06\/1906-Ancien-couvent-2-500x250.jpg\" class=\"attachment-miniature_medium size-miniature_medium\" alt=\"\" \/>                    <p class=\"grille-enfants__item__title\">Histoire de La Pr\u00e9sence<\/p>\n                                         <div class=\"grille-enfants__item__tooltip\">\n\t                   Une histoire s\u00e9culaire                    <\/div>\n                                    <\/a>  \n\n        \n                <a href=\"https:\/\/villagesaintjoseph.org\/lapresence\/vous-accueillir\/une-journee-type-a-la-presence\/\" class=\" grille-enfants__item cell large-4 medium-6 small-12\">\n                    <img loading=\"lazy\" decoding=\"async\" width=\"500\" height=\"250\" src=\"https:\/\/villagesaintjoseph.org\/lapresence\/wp-content\/uploads\/sites\/8\/2025\/11\/IMG_8287-500x250.jpeg\" class=\"attachment-miniature_medium size-miniature_medium\" alt=\"\" \/>                    <p class=\"grille-enfants__item__title\">Une journ\u00e9e \u00e0 La Pr\u00e9sence<\/p>\n                                         <div class=\"grille-enfants__item__tooltip\">\n\t                   Une journ\u00e9e type                    <\/div>\n                                    <\/a>  \n\n        \n                <a href=\"https:\/\/villagesaintjoseph.org\/lapresence\/la-maison-de-la-presence\/activites-de-la-presence\/\" class=\" grille-enfants__item cell large-4 medium-6 small-12\">\n                    <img loading=\"lazy\" decoding=\"async\" width=\"500\" height=\"250\" src=\"https:\/\/villagesaintjoseph.org\/lapresence\/wp-content\/uploads\/sites\/8\/2024\/11\/IMG_1818-500x250.jpeg\" class=\"attachment-miniature_medium size-miniature_medium\" alt=\"\" \/>                    <p class=\"grille-enfants__item__title\">Les activit\u00e9s de La Pr\u00e9sence<\/p>\n                                         <div class=\"grille-enfants__item__tooltip\">\n\t                   Mosa\u00efque, bois, confection de pain, soins des animaux, espaces verts et potager                    <\/div>\n                                    <\/a>  \n\n          \n\n    <\/section> \n \n","protected":false},"excerpt":{"rendered":"","protected":false},"author":22,"featured_media":623,"parent":0,"menu_order":15,"comment_status":"closed","ping_status":"closed","template":"templates-pages\/accueil-maison.php","meta":{"inline_featured_image":false,"footnotes":""},"class_list":["post-14","page","type-page","status-publish","has-post-thumbnail","hentry"],"acf":[],"_links":{"self":[{"href":"https:\/\/villagesaintjoseph.org\/lapresence\/wp-json\/wp\/v2\/pages\/14","targetHints":{"allow":["GET"]}}],"collection":[{"href":"https:\/\/villagesaintjoseph.org\/lapresence\/wp-json\/wp\/v2\/pages"}],"about":[{"href":"https:\/\/villagesaintjoseph.org\/lapresence\/wp-json\/wp\/v2\/types\/page"}],"author":[{"embeddable":true,"href":"https:\/\/villagesaintjoseph.org\/lapresence\/wp-json\/wp\/v2\/users\/22"}],"replies":[{"embeddable":true,"href":"https:\/\/villagesaintjoseph.org\/lapresence\/wp-json\/wp\/v2\/comments?post=14"}],"version-history":[{"count":58,"href":"https:\/\/villagesaintjoseph.org\/lapresence\/wp-json\/wp\/v2\/pages\/14\/revisions"}],"predecessor-version":[{"id":2683,"href":"https:\/\/villagesaintjoseph.org\/lapresence\/wp-json\/wp\/v2\/pages\/14\/revisions\/2683"}],"wp:featuredmedia":[{"embeddable":true,"href":"https:\/\/villagesaintjoseph.org\/lapresence\/wp-json\/"}],"wp:attachment":[{"href":"https:\/\/villagesaintjoseph.org\/lapresence\/wp-json\/wp\/v2\/media?parent=14"}],"curies":[{"name":"wp","href":"https:\/\/api.w.org\/{rel}","templated":true}]}}