{"id":32,"date":"2021-05-03T10:14:58","date_gmt":"2021-05-03T08:14:58","guid":{"rendered":"https:\/\/laudato-si.stjoseph.ovh\/?page_id=32"},"modified":"2022-01-24T10:01:31","modified_gmt":"2022-01-24T09:01:31","slug":"organisation","status":"publish","type":"page","link":"https:\/\/villagesaintjoseph.org\/laudato-si\/la-maison-laudato-si\/organisation\/","title":{"rendered":"Une journ\u00e9e \u00e0 Laudato Si"},"content":{"rendered":"\n<p>Nous sommes toujours heureux de vous accueillir. Vous pouvez vous joindre \u00e0 nous \u00e0 chaque instant de notre vie quotidienne. Contactez-nous via la rubrique \u00ab\u00a0Nous contacter\u00a0\u00bb.<\/p>\n\n\n\n<p>Notre journ\u00e9e de semaine est occup\u00e9e le matin et l&rsquo;apr\u00e8s-midi par les activit\u00e9s. <\/p>\n\n\n\n<p>Des temps spirituels quotidiens et hebdomadaires sont \u00e9galement propos\u00e9s :<\/p>\n\n\n\n<ul class=\"wp-block-list\"><li>Messe tous les jours de la semaine \u00e0 11h45 au Village (hors dimanche, o\u00f9 nous sommes en paroisse)<\/li><li>Chapelet les mardis, mercredis et jeudis \u00e0 17h30<\/li><li>Louange le lundi soir \u00e0 20h30<\/li><li>Pri\u00e8re des familles le vendredi \u00e0 18h30<\/li><\/ul>\n\n\n\n<p>Nous proposons \u00e9galement des cours de danse \u00e0 influence africaine le mardi soir ! Vous y \u00eates les bienvenus.<\/p>\n\n\n<section class=\"grille-enfants grid-x grid-container grid-margin-x align-center\">\n\n        \n                <a href=\"https:\/\/villagesaintjoseph.org\/laudato-si\/agenda\/cours-de-danse-a-influence-africaine\/\" class=\" grille-enfants__item cell large-4 medium-6 small-12\">\n                    <img loading=\"lazy\" decoding=\"async\" width=\"500\" height=\"250\" src=\"https:\/\/villagesaintjoseph.org\/laudato-si\/wp-content\/uploads\/sites\/4\/2022\/01\/silhouette-g73aa90c36_1280-500x250.png\" class=\"attachment-miniature_medium size-miniature_medium\" alt=\"\" \/>                    <p class=\"grille-enfants__item__title\">Cours de danse africaine &#8211; Agenda<\/p>\n                                     <\/a>  \n\n          \n\n    <\/section> \n \n","protected":false},"excerpt":{"rendered":"<p>Nous sommes toujours heureux de vous accueillir. Vous pouvez vous joindre \u00e0 nous \u00e0 chaque instant de notre vie quotidienne. Contactez-nous via la rubrique \u00ab\u00a0Nous contacter\u00a0\u00bb. Notre journ\u00e9e de semaine est occup\u00e9e le matin et l&rsquo;apr\u00e8s-midi par les activit\u00e9s. Des temps spirituels quotidiens et hebdomadaires sont \u00e9galement propos\u00e9s : Messe tous les jours de la [&hellip;]<\/p>\n","protected":false},"author":1,"featured_media":212,"parent":236,"menu_order":9,"comment_status":"closed","ping_status":"closed","template":"","meta":{"inline_featured_image":false,"footnotes":""},"class_list":["post-32","page","type-page","status-publish","has-post-thumbnail","hentry"],"acf":[],"yoast_head":"<!-- This site is optimized with the Yoast SEO plugin v27.3 - https:\/\/yoast.com\/product\/yoast-seo-wordpress\/ -->\n<title>Une journ\u00e9e \u00e0 Laudato Si - Maison de Laudato Si<\/title>\n<meta name=\"description\" content=\"Nous sommes toujours heureux de vous accueillir. Vous pouvez vous joindre \u00e0 nous \u00e0 chaque instant de notre vie quotidienne. Contactez-nous via la rubrique\" \/>\n<meta name=\"robots\" content=\"index, follow, max-snippet:-1, max-image-preview:large, max-video-preview:-1\" \/>\n<link rel=\"canonical\" href=\"https:\/\/villagesaintjoseph.org\/laudato-si\/la-maison-laudato-si\/organisation\/\" \/>\n<meta property=\"og:locale\" content=\"fr_FR\" \/>\n<meta property=\"og:type\" content=\"article\" \/>\n<meta property=\"og:title\" content=\"Une journ\u00e9e \u00e0 Laudato Si - Maison de Laudato Si\" \/>\n<meta property=\"og:description\" content=\"Nous sommes toujours heureux de vous accueillir. Vous pouvez vous joindre \u00e0 nous \u00e0 chaque instant de notre vie quotidienne. Contactez-nous via la rubrique\" \/>\n<meta property=\"og:url\" content=\"https:\/\/villagesaintjoseph.org\/laudato-si\/la-maison-laudato-si\/organisation\/\" \/>\n<meta property=\"og:site_name\" content=\"Maison de Laudato Si\" \/>\n<meta property=\"article:modified_time\" content=\"2022-01-24T09:01:31+00:00\" \/>\n<meta property=\"og:image\" content=\"https:\/\/villagesaintjoseph.org\/laudato-si\/wp-content\/uploads\/sites\/4\/2022\/01\/praise-g6e4b9c998_1920.jpg\" \/>\n\t<meta property=\"og:image:width\" content=\"1920\" \/>\n\t<meta property=\"og:image:height\" content=\"1433\" \/>\n\t<meta property=\"og:image:type\" content=\"image\/jpeg\" \/>\n<meta name=\"twitter:card\" content=\"summary_large_image\" \/>\n<meta name=\"twitter:label1\" content=\"Dur\u00e9e de lecture estim\u00e9e\" \/>\n\t<meta name=\"twitter:data1\" content=\"1 minute\" \/>\n<script type=\"application\/ld+json\" class=\"yoast-schema-graph\">{\"@context\":\"https:\\\/\\\/schema.org\",\"@graph\":[{\"@type\":\"WebPage\",\"@id\":\"https:\\\/\\\/villagesaintjoseph.org\\\/laudato-si\\\/la-maison-laudato-si\\\/organisation\\\/\",\"url\":\"https:\\\/\\\/villagesaintjoseph.org\\\/laudato-si\\\/la-maison-laudato-si\\\/organisation\\\/\",\"name\":\"Une journ\u00e9e \u00e0 Laudato Si - Maison de Laudato Si\",\"isPartOf\":{\"@id\":\"https:\\\/\\\/villagesaintjoseph.org\\\/laudato-si\\\/#website\"},\"primaryImageOfPage\":{\"@id\":\"https:\\\/\\\/villagesaintjoseph.org\\\/laudato-si\\\/la-maison-laudato-si\\\/organisation\\\/#primaryimage\"},\"image\":{\"@id\":\"https:\\\/\\\/villagesaintjoseph.org\\\/laudato-si\\\/la-maison-laudato-si\\\/organisation\\\/#primaryimage\"},\"thumbnailUrl\":\"https:\\\/\\\/villagesaintjoseph.org\\\/laudato-si\\\/wp-content\\\/uploads\\\/sites\\\/4\\\/2022\\\/01\\\/praise-g6e4b9c998_1920.jpg\",\"datePublished\":\"2021-05-03T08:14:58+00:00\",\"dateModified\":\"2022-01-24T09:01:31+00:00\",\"description\":\"Nous sommes toujours heureux de vous accueillir. Vous pouvez vous joindre \u00e0 nous \u00e0 chaque instant de notre vie quotidienne. Contactez-nous via la rubrique\",\"breadcrumb\":{\"@id\":\"https:\\\/\\\/villagesaintjoseph.org\\\/laudato-si\\\/la-maison-laudato-si\\\/organisation\\\/#breadcrumb\"},\"inLanguage\":\"fr-FR\",\"potentialAction\":[{\"@type\":\"ReadAction\",\"target\":[\"https:\\\/\\\/villagesaintjoseph.org\\\/laudato-si\\\/la-maison-laudato-si\\\/organisation\\\/\"]}]},{\"@type\":\"ImageObject\",\"inLanguage\":\"fr-FR\",\"@id\":\"https:\\\/\\\/villagesaintjoseph.org\\\/laudato-si\\\/la-maison-laudato-si\\\/organisation\\\/#primaryimage\",\"url\":\"https:\\\/\\\/villagesaintjoseph.org\\\/laudato-si\\\/wp-content\\\/uploads\\\/sites\\\/4\\\/2022\\\/01\\\/praise-g6e4b9c998_1920.jpg\",\"contentUrl\":\"https:\\\/\\\/villagesaintjoseph.org\\\/laudato-si\\\/wp-content\\\/uploads\\\/sites\\\/4\\\/2022\\\/01\\\/praise-g6e4b9c998_1920.jpg\",\"width\":1920,\"height\":1433},{\"@type\":\"BreadcrumbList\",\"@id\":\"https:\\\/\\\/villagesaintjoseph.org\\\/laudato-si\\\/la-maison-laudato-si\\\/organisation\\\/#breadcrumb\",\"itemListElement\":[{\"@type\":\"ListItem\",\"position\":1,\"name\":\"Accueil\",\"item\":\"https:\\\/\\\/villagesaintjoseph.org\\\/laudato-si\\\/\"},{\"@type\":\"ListItem\",\"position\":2,\"name\":\"La Maison Laudato Si\",\"item\":\"https:\\\/\\\/villagesaintjoseph.org\\\/laudato-si\\\/la-maison-laudato-si\\\/\"},{\"@type\":\"ListItem\",\"position\":3,\"name\":\"Une journ\u00e9e \u00e0 Laudato Si\"}]},{\"@type\":\"WebSite\",\"@id\":\"https:\\\/\\\/villagesaintjoseph.org\\\/laudato-si\\\/#website\",\"url\":\"https:\\\/\\\/villagesaintjoseph.org\\\/laudato-si\\\/\",\"name\":\"Maison de Laudato Si\",\"description\":\"\",\"potentialAction\":[{\"@type\":\"SearchAction\",\"target\":{\"@type\":\"EntryPoint\",\"urlTemplate\":\"https:\\\/\\\/villagesaintjoseph.org\\\/laudato-si\\\/?s={search_term_string}\"},\"query-input\":{\"@type\":\"PropertyValueSpecification\",\"valueRequired\":true,\"valueName\":\"search_term_string\"}}],\"inLanguage\":\"fr-FR\"}]}<\/script>\n<!-- \/ Yoast SEO plugin. -->","yoast_head_json":{"title":"Une journ\u00e9e \u00e0 Laudato Si - Maison de Laudato Si","description":"Nous sommes toujours heureux de vous accueillir. Vous pouvez vous joindre \u00e0 nous \u00e0 chaque instant de notre vie quotidienne. Contactez-nous via la rubrique","robots":{"index":"index","follow":"follow","max-snippet":"max-snippet:-1","max-image-preview":"max-image-preview:large","max-video-preview":"max-video-preview:-1"},"canonical":"https:\/\/villagesaintjoseph.org\/laudato-si\/la-maison-laudato-si\/organisation\/","og_locale":"fr_FR","og_type":"article","og_title":"Une journ\u00e9e \u00e0 Laudato Si - Maison de Laudato Si","og_description":"Nous sommes toujours heureux de vous accueillir. Vous pouvez vous joindre \u00e0 nous \u00e0 chaque instant de notre vie quotidienne. Contactez-nous via la rubrique","og_url":"https:\/\/villagesaintjoseph.org\/laudato-si\/la-maison-laudato-si\/organisation\/","og_site_name":"Maison de Laudato Si","article_modified_time":"2022-01-24T09:01:31+00:00","og_image":[{"width":1920,"height":1433,"url":"https:\/\/villagesaintjoseph.org\/laudato-si\/wp-content\/uploads\/sites\/4\/2022\/01\/praise-g6e4b9c998_1920.jpg","type":"image\/jpeg"}],"twitter_card":"summary_large_image","twitter_misc":{"Dur\u00e9e de lecture estim\u00e9e":"1 minute"},"schema":{"@context":"https:\/\/schema.org","@graph":[{"@type":"WebPage","@id":"https:\/\/villagesaintjoseph.org\/laudato-si\/la-maison-laudato-si\/organisation\/","url":"https:\/\/villagesaintjoseph.org\/laudato-si\/la-maison-laudato-si\/organisation\/","name":"Une journ\u00e9e \u00e0 Laudato Si - Maison de Laudato Si","isPartOf":{"@id":"https:\/\/villagesaintjoseph.org\/laudato-si\/#website"},"primaryImageOfPage":{"@id":"https:\/\/villagesaintjoseph.org\/laudato-si\/la-maison-laudato-si\/organisation\/#primaryimage"},"image":{"@id":"https:\/\/villagesaintjoseph.org\/laudato-si\/la-maison-laudato-si\/organisation\/#primaryimage"},"thumbnailUrl":"https:\/\/villagesaintjoseph.org\/laudato-si\/wp-content\/uploads\/sites\/4\/2022\/01\/praise-g6e4b9c998_1920.jpg","datePublished":"2021-05-03T08:14:58+00:00","dateModified":"2022-01-24T09:01:31+00:00","description":"Nous sommes toujours heureux de vous accueillir. Vous pouvez vous joindre \u00e0 nous \u00e0 chaque instant de notre vie quotidienne. Contactez-nous via la rubrique","breadcrumb":{"@id":"https:\/\/villagesaintjoseph.org\/laudato-si\/la-maison-laudato-si\/organisation\/#breadcrumb"},"inLanguage":"fr-FR","potentialAction":[{"@type":"ReadAction","target":["https:\/\/villagesaintjoseph.org\/laudato-si\/la-maison-laudato-si\/organisation\/"]}]},{"@type":"ImageObject","inLanguage":"fr-FR","@id":"https:\/\/villagesaintjoseph.org\/laudato-si\/la-maison-laudato-si\/organisation\/#primaryimage","url":"https:\/\/villagesaintjoseph.org\/laudato-si\/wp-content\/uploads\/sites\/4\/2022\/01\/praise-g6e4b9c998_1920.jpg","contentUrl":"https:\/\/villagesaintjoseph.org\/laudato-si\/wp-content\/uploads\/sites\/4\/2022\/01\/praise-g6e4b9c998_1920.jpg","width":1920,"height":1433},{"@type":"BreadcrumbList","@id":"https:\/\/villagesaintjoseph.org\/laudato-si\/la-maison-laudato-si\/organisation\/#breadcrumb","itemListElement":[{"@type":"ListItem","position":1,"name":"Accueil","item":"https:\/\/villagesaintjoseph.org\/laudato-si\/"},{"@type":"ListItem","position":2,"name":"La Maison Laudato Si","item":"https:\/\/villagesaintjoseph.org\/laudato-si\/la-maison-laudato-si\/"},{"@type":"ListItem","position":3,"name":"Une journ\u00e9e \u00e0 Laudato Si"}]},{"@type":"WebSite","@id":"https:\/\/villagesaintjoseph.org\/laudato-si\/#website","url":"https:\/\/villagesaintjoseph.org\/laudato-si\/","name":"Maison de Laudato Si","description":"","potentialAction":[{"@type":"SearchAction","target":{"@type":"EntryPoint","urlTemplate":"https:\/\/villagesaintjoseph.org\/laudato-si\/?s={search_term_string}"},"query-input":{"@type":"PropertyValueSpecification","valueRequired":true,"valueName":"search_term_string"}}],"inLanguage":"fr-FR"}]}},"_links":{"self":[{"href":"https:\/\/villagesaintjoseph.org\/laudato-si\/wp-json\/wp\/v2\/pages\/32","targetHints":{"allow":["GET"]}}],"collection":[{"href":"https:\/\/villagesaintjoseph.org\/laudato-si\/wp-json\/wp\/v2\/pages"}],"about":[{"href":"https:\/\/villagesaintjoseph.org\/laudato-si\/wp-json\/wp\/v2\/types\/page"}],"author":[{"embeddable":true,"href":"https:\/\/villagesaintjoseph.org\/laudato-si\/wp-json\/wp\/v2\/users\/1"}],"replies":[{"embeddable":true,"href":"https:\/\/villagesaintjoseph.org\/laudato-si\/wp-json\/wp\/v2\/comments?post=32"}],"version-history":[{"count":9,"href":"https:\/\/villagesaintjoseph.org\/laudato-si\/wp-json\/wp\/v2\/pages\/32\/revisions"}],"predecessor-version":[{"id":246,"href":"https:\/\/villagesaintjoseph.org\/laudato-si\/wp-json\/wp\/v2\/pages\/32\/revisions\/246"}],"up":[{"embeddable":true,"href":"https:\/\/villagesaintjoseph.org\/laudato-si\/wp-json\/wp\/v2\/pages\/236"}],"wp:featuredmedia":[{"embeddable":true,"href":"https:\/\/villagesaintjoseph.org\/laudato-si\/wp-json\/wp\/v2\/media\/212"}],"wp:attachment":[{"href":"https:\/\/villagesaintjoseph.org\/laudato-si\/wp-json\/wp\/v2\/media?parent=32"}],"curies":[{"name":"wp","href":"https:\/\/api.w.org\/{rel}","templated":true}]}}