{"id":105,"date":"2021-10-08T11:45:09","date_gmt":"2021-10-08T09:45:09","guid":{"rendered":"https:\/\/kerlevenez.stjoseph.ovh\/?page_id=105"},"modified":"2021-10-08T11:45:09","modified_gmt":"2021-10-08T09:45:09","slug":"vie-fraternelle","status":"publish","type":"page","link":"https:\/\/villagesaintjoseph.org\/mieges\/les-3-pilliers\/vie-fraternelle\/","title":{"rendered":"Vie fraternelle"},"content":{"rendered":"\n<p>La vie fraternelle est consid\u00e9r\u00e9e comme un <strong>pilier de la reconstruction<\/strong> de la personne au sein du Village, en tant que lieu de <strong>r\u00e9conciliation avec la vie sociale<\/strong>. Ce mode de vie permet de r\u00e9\u00e9quilibrer la vie sociale et le temps personnel. Il se compose des temps suivants :<\/p>\n\n\n\n<ul class=\"wp-block-list\"><li>Repas<\/li><li>Activit\u00e9s<\/li><li>Moments de d\u00e9tente<\/li><li>Accueil des visiteurs<\/li><li>R\u00e9unions hebdomadaires<\/li><\/ul>\n\n\n\n<p>Cette vie fraternelle d\u00e9pend de l\u2019implication et l\u2019attitude de chacun, responsable, accueilli, b\u00e9n\u00e9vole. On ne juge pas, on s\u2019accueille tel que l\u2019on est, les uns les autres, avec nos faiblesses et nos richesses\u2026La vie fraternelle devient le lieu o\u00f9 l\u2019on <strong>recr\u00e9e du lien<\/strong>. Afin de conserver des foyers \u00e0 taille familiale, les villages sont compos\u00e9s de 5 \u00e0 12 personnes pour que chacun puisse y trouver sa place.<\/p>\n","protected":false},"excerpt":{"rendered":"<p>La vie fraternelle est consid\u00e9r\u00e9e comme un pilier de la reconstruction de la personne au sein du Village, en tant que lieu de r\u00e9conciliation avec la vie sociale. Ce mode de vie permet de r\u00e9\u00e9quilibrer la vie sociale et le temps personnel. Il se compose des temps suivants : Repas Activit\u00e9s Moments de d\u00e9tente Accueil [&hellip;]<\/p>\n","protected":false},"author":9,"featured_media":634,"parent":103,"menu_order":14,"comment_status":"closed","ping_status":"closed","template":"templates-pages\/vie-fraternelle.php","meta":{"inline_featured_image":false,"footnotes":""},"class_list":["post-105","page","type-page","status-publish","has-post-thumbnail","hentry"],"acf":[],"_links":{"self":[{"href":"https:\/\/villagesaintjoseph.org\/mieges\/wp-json\/wp\/v2\/pages\/105","targetHints":{"allow":["GET"]}}],"collection":[{"href":"https:\/\/villagesaintjoseph.org\/mieges\/wp-json\/wp\/v2\/pages"}],"about":[{"href":"https:\/\/villagesaintjoseph.org\/mieges\/wp-json\/wp\/v2\/types\/page"}],"author":[{"embeddable":true,"href":"https:\/\/villagesaintjoseph.org\/mieges\/wp-json\/wp\/v2\/users\/9"}],"replies":[{"embeddable":true,"href":"https:\/\/villagesaintjoseph.org\/mieges\/wp-json\/wp\/v2\/comments?post=105"}],"version-history":[{"count":0,"href":"https:\/\/villagesaintjoseph.org\/mieges\/wp-json\/wp\/v2\/pages\/105\/revisions"}],"up":[{"embeddable":true,"href":"https:\/\/villagesaintjoseph.org\/mieges\/wp-json\/wp\/v2\/pages\/103"}],"wp:featuredmedia":[{"embeddable":true,"href":"https:\/\/villagesaintjoseph.org\/mieges\/wp-json\/"}],"wp:attachment":[{"href":"https:\/\/villagesaintjoseph.org\/mieges\/wp-json\/wp\/v2\/media?parent=105"}],"curies":[{"name":"wp","href":"https:\/\/api.w.org\/{rel}","templated":true}]}}