{"id":2122,"date":"2024-05-03T18:07:55","date_gmt":"2024-05-03T16:07:55","guid":{"rendered":"https:\/\/villagesaintjoseph.org\/maisondupain\/?page_id=2122"},"modified":"2025-12-06T16:30:19","modified_gmt":"2025-12-06T15:30:19","slug":"histoire-de-la-maison-de-mieges","status":"publish","type":"page","link":"https:\/\/villagesaintjoseph.org\/mieges\/histoire-de-la-maison-de-mieges\/","title":{"rendered":"Histoire de la Maison de Mi\u00e8ges"},"content":{"rendered":"\n<p><\/p>\n\n\n\n<p>Le village de Mi\u00e8ges se situe au nord de la cit\u00e9 m\u00e9di\u00e9vale de Nozeroy. Il s&rsquo;\u00e9tend dans un l\u00e9ger vallon, le Val de Mi\u00e8ges, au fond duquel coule le ruisseau de la Serpentine.<\/p>\n\n\n\n<p>Depuis le VI<sup>\u00e8me<\/sup> si\u00e8cle, on atteste d&rsquo;une pr\u00e9sence chr\u00e9tienne \u00e0 Mi\u00e8ges.<\/p>\n\n\n\n<p>Le 1er t\u00e9moignage \u00e9crit d&rsquo;une chapelle d\u00e9di\u00e9e \u00e0 la Vierge remonte \u00e0 une fondation dat\u00e9e de 1482.<\/p>\n\n\n\n<p>Ensuite, en 1609, Jean Masson, apothicaire \u00e0 Nozeroy obtient l&rsquo;autorisation de l&rsquo;\u00e9v\u00each\u00e9 de Besan\u00e7on d&rsquo;\u00e9lever une chapelles d\u00e9di\u00e9e \u00e0 Saint Roch et Saint S\u00e9bastien, invoqu\u00e9s contre les \u00e9pid\u00e9mies de peste.<\/p>\n\n\n\n<p>En 1613, Fran\u00e7ois Carlier, pr\u00eatre et ermite arriva \u00e0 l&rsquo;ermitage.<\/p>\n\n\n\n<figure class=\"wp-block-gallery has-nested-images columns-default is-cropped wp-block-gallery-1 is-layout-flex wp-block-gallery-is-layout-flex\">\n<figure class=\"wp-block-image size-large\"><img loading=\"lazy\" decoding=\"async\" width=\"1024\" height=\"710\" data-id=\"2224\" src=\"https:\/\/villagesaintjoseph.org\/mieges\/wp-content\/uploads\/sites\/13\/2025\/11\/b2-loterie1858original-1024x710.jpg\" alt=\"\" class=\"wp-image-2224\" srcset=\"https:\/\/villagesaintjoseph.org\/mieges\/wp-content\/uploads\/sites\/13\/2025\/11\/b2-loterie1858original-1024x710.jpg 1024w, https:\/\/villagesaintjoseph.org\/mieges\/wp-content\/uploads\/sites\/13\/2025\/11\/b2-loterie1858original-300x208.jpg 300w, https:\/\/villagesaintjoseph.org\/mieges\/wp-content\/uploads\/sites\/13\/2025\/11\/b2-loterie1858original-768x533.jpg 768w, https:\/\/villagesaintjoseph.org\/mieges\/wp-content\/uploads\/sites\/13\/2025\/11\/b2-loterie1858original-1536x1066.jpg 1536w, https:\/\/villagesaintjoseph.org\/mieges\/wp-content\/uploads\/sites\/13\/2025\/11\/b2-loterie1858original-2048x1421.jpg 2048w, https:\/\/villagesaintjoseph.org\/mieges\/wp-content\/uploads\/sites\/13\/2025\/11\/b2-loterie1858original-50x35.jpg 50w, https:\/\/villagesaintjoseph.org\/mieges\/wp-content\/uploads\/sites\/13\/2025\/11\/b2-loterie1858original-1600x1110.jpg 1600w, https:\/\/villagesaintjoseph.org\/mieges\/wp-content\/uploads\/sites\/13\/2025\/11\/b2-loterie1858original-1400x971.jpg 1400w\" sizes=\"auto, (max-width: 1024px) 100vw, 1024px\" \/><\/figure>\n<\/figure>\n\n\n\n<p>De 1889 \u00e0 1984, les s\u0153urs franciscaines de l&rsquo;immacul\u00e9e conception occupent l&rsquo;ermitage et tiennent une \u00e9cole de jeunes filles.<\/p>\n\n\n\n<p>De 1999 \u00e0 2016, la s\u0153ur Anne-Raphaelle accueille et \u00e9coute les p\u00e9lerins.<\/p>\n\n\n\n<p>De 2018 \u00e0 2023 R\u00e9my et Sylvie Pichot habite pour faire vivre l&rsquo;ermitage et accueillir les p\u00e8lerins.<\/p>\n\n\n\n<p>En 2021, Monseigneur Jean-Luc Garin<\/p>\n\n\n\n<p>rencontre les fondateurs du Village Saint Joseph (Katia &amp; Nathana\u00ebl GAY) pour \u00e9voquer ensemble la cr\u00e9ation d\u2019une maison du Village dans l&rsquo;Ermitage.<\/p>\n\n\n\n<p>En juin 2023, Camille &amp; Thomas<\/p>\n\n\n\n<figure class=\"wp-block-gallery has-nested-images columns-default is-cropped wp-block-gallery-2 is-layout-flex wp-block-gallery-is-layout-flex\">\n<figure class=\"wp-block-image size-large\"><img loading=\"lazy\" decoding=\"async\" width=\"725\" height=\"1024\" data-id=\"2229\" src=\"https:\/\/villagesaintjoseph.org\/mieges\/wp-content\/uploads\/sites\/13\/2025\/11\/MG_4965-01a-725x1024.jpg\" alt=\"\" class=\"wp-image-2229\" srcset=\"https:\/\/villagesaintjoseph.org\/mieges\/wp-content\/uploads\/sites\/13\/2025\/11\/MG_4965-01a-725x1024.jpg 725w, https:\/\/villagesaintjoseph.org\/mieges\/wp-content\/uploads\/sites\/13\/2025\/11\/MG_4965-01a-212x300.jpg 212w, https:\/\/villagesaintjoseph.org\/mieges\/wp-content\/uploads\/sites\/13\/2025\/11\/MG_4965-01a-768x1085.jpg 768w, https:\/\/villagesaintjoseph.org\/mieges\/wp-content\/uploads\/sites\/13\/2025\/11\/MG_4965-01a-1087x1536.jpg 1087w, https:\/\/villagesaintjoseph.org\/mieges\/wp-content\/uploads\/sites\/13\/2025\/11\/MG_4965-01a-1450x2048.jpg 1450w, https:\/\/villagesaintjoseph.org\/mieges\/wp-content\/uploads\/sites\/13\/2025\/11\/MG_4965-01a-50x71.jpg 50w, https:\/\/villagesaintjoseph.org\/mieges\/wp-content\/uploads\/sites\/13\/2025\/11\/MG_4965-01a-1600x2260.jpg 1600w, https:\/\/villagesaintjoseph.org\/mieges\/wp-content\/uploads\/sites\/13\/2025\/11\/MG_4965-01a-991x1400.jpg 991w, https:\/\/villagesaintjoseph.org\/mieges\/wp-content\/uploads\/sites\/13\/2025\/11\/MG_4965-01a-scaled.jpg 1812w\" sizes=\"auto, (max-width: 725px) 100vw, 725px\" \/><figcaption class=\"wp-element-caption\">Chapelle (nef gauche)<\/figcaption><\/figure>\n\n\n\n<figure class=\"wp-block-image size-large\"><img loading=\"lazy\" decoding=\"async\" width=\"1024\" height=\"768\" data-id=\"2237\" src=\"https:\/\/villagesaintjoseph.org\/mieges\/wp-content\/uploads\/sites\/13\/2025\/11\/P1000136a-corrig-reduit-1024x768.jpg\" alt=\"\" class=\"wp-image-2237\" srcset=\"https:\/\/villagesaintjoseph.org\/mieges\/wp-content\/uploads\/sites\/13\/2025\/11\/P1000136a-corrig-reduit-1024x768.jpg 1024w, https:\/\/villagesaintjoseph.org\/mieges\/wp-content\/uploads\/sites\/13\/2025\/11\/P1000136a-corrig-reduit-300x225.jpg 300w, https:\/\/villagesaintjoseph.org\/mieges\/wp-content\/uploads\/sites\/13\/2025\/11\/P1000136a-corrig-reduit-768x576.jpg 768w, https:\/\/villagesaintjoseph.org\/mieges\/wp-content\/uploads\/sites\/13\/2025\/11\/P1000136a-corrig-reduit-1536x1152.jpg 1536w, https:\/\/villagesaintjoseph.org\/mieges\/wp-content\/uploads\/sites\/13\/2025\/11\/P1000136a-corrig-reduit-2048x1536.jpg 2048w, https:\/\/villagesaintjoseph.org\/mieges\/wp-content\/uploads\/sites\/13\/2025\/11\/P1000136a-corrig-reduit-50x38.jpg 50w, https:\/\/villagesaintjoseph.org\/mieges\/wp-content\/uploads\/sites\/13\/2025\/11\/P1000136a-corrig-reduit-1600x1200.jpg 1600w, https:\/\/villagesaintjoseph.org\/mieges\/wp-content\/uploads\/sites\/13\/2025\/11\/P1000136a-corrig-reduit-1400x1050.jpg 1400w\" sizes=\"auto, (max-width: 1024px) 100vw, 1024px\" \/><figcaption class=\"wp-element-caption\">Chapelle (nef droite)<\/figcaption><\/figure>\n\n\n\n<figure class=\"wp-block-image size-full\"><img loading=\"lazy\" decoding=\"async\" width=\"690\" height=\"460\" data-id=\"2214\" src=\"https:\/\/villagesaintjoseph.org\/mieges\/wp-content\/uploads\/sites\/13\/2025\/11\/mieges-Loic-Aubert-18-3-690x460-1.jpg\" alt=\"\" class=\"wp-image-2214\" srcset=\"https:\/\/villagesaintjoseph.org\/mieges\/wp-content\/uploads\/sites\/13\/2025\/11\/mieges-Loic-Aubert-18-3-690x460-1.jpg 690w, https:\/\/villagesaintjoseph.org\/mieges\/wp-content\/uploads\/sites\/13\/2025\/11\/mieges-Loic-Aubert-18-3-690x460-1-300x200.jpg 300w, https:\/\/villagesaintjoseph.org\/mieges\/wp-content\/uploads\/sites\/13\/2025\/11\/mieges-Loic-Aubert-18-3-690x460-1-50x33.jpg 50w\" sizes=\"auto, (max-width: 690px) 100vw, 690px\" \/><figcaption class=\"wp-element-caption\">Ermitage de Mi\u00e8ges<\/figcaption><\/figure>\n<\/figure>\n\n\n\n<p><\/p>\n\n\n\n<p>Fin ao\u00fbt 2024, <\/p>\n\n\n\n<p>Apr\u00e8s un temps de d\u00e9couverte, de pr\u00e9paration, de communication, la Maison Ephata\/Komorebi\/Fruiti\u00e8re des talents ouvre ses portes au printemps 2025.<\/p>\n\n\n\n<p>Une nouvelle histoire commence \u2026<\/p>\n","protected":false},"excerpt":{"rendered":"<p>Le village de Mi\u00e8ges se situe au nord de la cit\u00e9 m\u00e9di\u00e9vale de Nozeroy. Il s&rsquo;\u00e9tend dans un l\u00e9ger vallon, le Val de Mi\u00e8ges, au fond duquel coule le ruisseau de la Serpentine. Depuis le VI\u00e8me si\u00e8cle, on atteste d&rsquo;une pr\u00e9sence chr\u00e9tienne \u00e0 Mi\u00e8ges. Le 1er t\u00e9moignage \u00e9crit d&rsquo;une chapelle d\u00e9di\u00e9e \u00e0 la Vierge remonte [&hellip;]<\/p>\n","protected":false},"author":27,"featured_media":0,"parent":0,"menu_order":2,"comment_status":"closed","ping_status":"closed","template":"","meta":{"inline_featured_image":false,"footnotes":""},"class_list":["post-2122","page","type-page","status-publish","hentry"],"acf":[],"_links":{"self":[{"href":"https:\/\/villagesaintjoseph.org\/mieges\/wp-json\/wp\/v2\/pages\/2122","targetHints":{"allow":["GET"]}}],"collection":[{"href":"https:\/\/villagesaintjoseph.org\/mieges\/wp-json\/wp\/v2\/pages"}],"about":[{"href":"https:\/\/villagesaintjoseph.org\/mieges\/wp-json\/wp\/v2\/types\/page"}],"author":[{"embeddable":true,"href":"https:\/\/villagesaintjoseph.org\/mieges\/wp-json\/wp\/v2\/users\/27"}],"replies":[{"embeddable":true,"href":"https:\/\/villagesaintjoseph.org\/mieges\/wp-json\/wp\/v2\/comments?post=2122"}],"version-history":[{"count":8,"href":"https:\/\/villagesaintjoseph.org\/mieges\/wp-json\/wp\/v2\/pages\/2122\/revisions"}],"predecessor-version":[{"id":2360,"href":"https:\/\/villagesaintjoseph.org\/mieges\/wp-json\/wp\/v2\/pages\/2122\/revisions\/2360"}],"wp:attachment":[{"href":"https:\/\/villagesaintjoseph.org\/mieges\/wp-json\/wp\/v2\/media?parent=2122"}],"curies":[{"name":"wp","href":"https:\/\/api.w.org\/{rel}","templated":true}]}}

Histoire de la Maison de Mièges

<p></p>



<p>Le village de Mièges se situe au nord de la cité médiévale de Nozeroy. Il s&rsquo;étend dans un léger vallon, le Val de Mièges, au fond duquel coule le ruisseau de la Serpentine.</p>



<p>Depuis le VI<sup>ème</sup> siècle, on atteste d&rsquo;une présence chrétienne à Mièges.</p>



<p>Le 1er témoignage écrit d&rsquo;une chapelle dédiée à la Vierge remonte à une fondation datée de 1482.</p>



<p>Ensuite, en 1609, Jean Masson, apothicaire à Nozeroy obtient l&rsquo;autorisation de l&rsquo;évêché de Besançon d&rsquo;élever une chapelles dédiée à Saint Roch et Saint Sébastien, invoqués contre les épidémies de peste.</p>



<p>En 1613, François Carlier, prêtre et ermite arriva à l&rsquo;ermitage.</p>



<figure class="wp-block-gallery has-nested-images columns-default is-cropped wp-block-gallery-1 is-layout-flex wp-block-gallery-is-layout-flex">
<figure class="wp-block-image size-large"><img loading="lazy" decoding="async" width="1024" height="710" data-id="2224" src="https://villagesaintjoseph.org/mieges/wp-content/uploads/sites/13/2025/11/b2-loterie1858original-1024x710.jpg" alt="" class="wp-image-2224" srcset="https://villagesaintjoseph.org/mieges/wp-content/uploads/sites/13/2025/11/b2-loterie1858original-1024x710.jpg 1024w, https://villagesaintjoseph.org/mieges/wp-content/uploads/sites/13/2025/11/b2-loterie1858original-300x208.jpg 300w, https://villagesaintjoseph.org/mieges/wp-content/uploads/sites/13/2025/11/b2-loterie1858original-768x533.jpg 768w, https://villagesaintjoseph.org/mieges/wp-content/uploads/sites/13/2025/11/b2-loterie1858original-1536x1066.jpg 1536w, https://villagesaintjoseph.org/mieges/wp-content/uploads/sites/13/2025/11/b2-loterie1858original-2048x1421.jpg 2048w, https://villagesaintjoseph.org/mieges/wp-content/uploads/sites/13/2025/11/b2-loterie1858original-50x35.jpg 50w, https://villagesaintjoseph.org/mieges/wp-content/uploads/sites/13/2025/11/b2-loterie1858original-1600x1110.jpg 1600w, https://villagesaintjoseph.org/mieges/wp-content/uploads/sites/13/2025/11/b2-loterie1858original-1400x971.jpg 1400w" sizes="auto, (max-width: 1024px) 100vw, 1024px" /></figure>
</figure>



<p>De 1889 à 1984, les sœurs franciscaines de l&rsquo;immaculée conception occupent l&rsquo;ermitage et tiennent une école de jeunes filles.</p>



<p>De 1999 à 2016, la sœur Anne-Raphaelle accueille et écoute les pélerins.</p>



<p>De 2018 à 2023 Rémy et Sylvie Pichot habite pour faire vivre l&rsquo;ermitage et accueillir les pèlerins.</p>



<p>En 2021, Monseigneur Jean-Luc Garin</p>



<p>rencontre les fondateurs du Village Saint Joseph (Katia &amp; Nathanaël GAY) pour évoquer ensemble la création d’une maison du Village dans l&rsquo;Ermitage.</p>



<p>En juin 2023, Camille &amp; Thomas</p>



<figure class="wp-block-gallery has-nested-images columns-default is-cropped wp-block-gallery-2 is-layout-flex wp-block-gallery-is-layout-flex">
<figure class="wp-block-image size-large"><img loading="lazy" decoding="async" width="725" height="1024" data-id="2229" src="https://villagesaintjoseph.org/mieges/wp-content/uploads/sites/13/2025/11/MG_4965-01a-725x1024.jpg" alt="" class="wp-image-2229" srcset="https://villagesaintjoseph.org/mieges/wp-content/uploads/sites/13/2025/11/MG_4965-01a-725x1024.jpg 725w, https://villagesaintjoseph.org/mieges/wp-content/uploads/sites/13/2025/11/MG_4965-01a-212x300.jpg 212w, https://villagesaintjoseph.org/mieges/wp-content/uploads/sites/13/2025/11/MG_4965-01a-768x1085.jpg 768w, https://villagesaintjoseph.org/mieges/wp-content/uploads/sites/13/2025/11/MG_4965-01a-1087x1536.jpg 1087w, https://villagesaintjoseph.org/mieges/wp-content/uploads/sites/13/2025/11/MG_4965-01a-1450x2048.jpg 1450w, https://villagesaintjoseph.org/mieges/wp-content/uploads/sites/13/2025/11/MG_4965-01a-50x71.jpg 50w, https://villagesaintjoseph.org/mieges/wp-content/uploads/sites/13/2025/11/MG_4965-01a-1600x2260.jpg 1600w, https://villagesaintjoseph.org/mieges/wp-content/uploads/sites/13/2025/11/MG_4965-01a-991x1400.jpg 991w, https://villagesaintjoseph.org/mieges/wp-content/uploads/sites/13/2025/11/MG_4965-01a-scaled.jpg 1812w" sizes="auto, (max-width: 725px) 100vw, 725px" /><figcaption class="wp-element-caption">Chapelle (nef gauche)</figcaption></figure>



<figure class="wp-block-image size-large"><img loading="lazy" decoding="async" width="1024" height="768" data-id="2237" src="https://villagesaintjoseph.org/mieges/wp-content/uploads/sites/13/2025/11/P1000136a-corrig-reduit-1024x768.jpg" alt="" class="wp-image-2237" srcset="https://villagesaintjoseph.org/mieges/wp-content/uploads/sites/13/2025/11/P1000136a-corrig-reduit-1024x768.jpg 1024w, https://villagesaintjoseph.org/mieges/wp-content/uploads/sites/13/2025/11/P1000136a-corrig-reduit-300x225.jpg 300w, https://villagesaintjoseph.org/mieges/wp-content/uploads/sites/13/2025/11/P1000136a-corrig-reduit-768x576.jpg 768w, https://villagesaintjoseph.org/mieges/wp-content/uploads/sites/13/2025/11/P1000136a-corrig-reduit-1536x1152.jpg 1536w, https://villagesaintjoseph.org/mieges/wp-content/uploads/sites/13/2025/11/P1000136a-corrig-reduit-2048x1536.jpg 2048w, https://villagesaintjoseph.org/mieges/wp-content/uploads/sites/13/2025/11/P1000136a-corrig-reduit-50x38.jpg 50w, https://villagesaintjoseph.org/mieges/wp-content/uploads/sites/13/2025/11/P1000136a-corrig-reduit-1600x1200.jpg 1600w, https://villagesaintjoseph.org/mieges/wp-content/uploads/sites/13/2025/11/P1000136a-corrig-reduit-1400x1050.jpg 1400w" sizes="auto, (max-width: 1024px) 100vw, 1024px" /><figcaption class="wp-element-caption">Chapelle (nef droite)</figcaption></figure>



<figure class="wp-block-image size-full"><img loading="lazy" decoding="async" width="690" height="460" data-id="2214" src="https://villagesaintjoseph.org/mieges/wp-content/uploads/sites/13/2025/11/mieges-Loic-Aubert-18-3-690x460-1.jpg" alt="" class="wp-image-2214" srcset="https://villagesaintjoseph.org/mieges/wp-content/uploads/sites/13/2025/11/mieges-Loic-Aubert-18-3-690x460-1.jpg 690w, https://villagesaintjoseph.org/mieges/wp-content/uploads/sites/13/2025/11/mieges-Loic-Aubert-18-3-690x460-1-300x200.jpg 300w, https://villagesaintjoseph.org/mieges/wp-content/uploads/sites/13/2025/11/mieges-Loic-Aubert-18-3-690x460-1-50x33.jpg 50w" sizes="auto, (max-width: 690px) 100vw, 690px" /><figcaption class="wp-element-caption">Ermitage de Mièges</figcaption></figure>
</figure>



<p></p>



<p>Fin août 2024, </p>



<p>Après un temps de découverte, de préparation, de communication, la Maison Ephata/Komorebi/Fruitière des talents ouvre ses portes au printemps 2025.</p>



<p>Une nouvelle histoire commence …</p>

<p>Le village de Mièges se situe au nord de la cité médiévale de Nozeroy. Il s&rsquo;étend dans un léger vallon, le Val de Mièges, au fond duquel coule le ruisseau de la Serpentine. Depuis le VIème siècle, on atteste d&rsquo;une présence chrétienne à Mièges. Le 1er témoignage écrit d&rsquo;une chapelle dédiée à la Vierge remonte [&hellip;]</p>
