{"id":2337,"date":"2025-12-02T20:35:57","date_gmt":"2025-12-02T19:35:57","guid":{"rendered":"https:\/\/villagesaintjoseph.org\/mieges\/?page_id=2337"},"modified":"2025-12-02T20:39:29","modified_gmt":"2025-12-02T19:39:29","slug":"medias","status":"publish","type":"page","link":"https:\/\/villagesaintjoseph.org\/mieges\/medias\/","title":{"rendered":"M\u00e9dias"},"content":{"rendered":"\n<p>Voici quelques support de communication pour faire conna\u00eetre le Village Saint Joseph de Mi\u00e8ges autour de vous.<\/p>\n\n\n\n<p><strong>Triptyque de pr\u00e9sentation<\/strong><\/p>\n\n\n\n<div data-wp-interactive=\"core\/file\" class=\"wp-block-file\"><object data-wp-bind--hidden=\"!state.hasPdfPreview\" hidden class=\"wp-block-file__embed\" data=\"https:\/\/villagesaintjoseph.org\/mieges\/wp-content\/uploads\/sites\/13\/2025\/12\/Triptique-version-dons-v5.pdf\" type=\"application\/pdf\" style=\"width:100%;height:600px\" aria-label=\"Contenu embarqu\u00e9 Triptique-version dons v5.\"><\/object><a id=\"wp-block-file--media-f5472906-7d92-4020-84dc-84f850cfc856\" href=\"https:\/\/villagesaintjoseph.org\/mieges\/wp-content\/uploads\/sites\/13\/2025\/12\/Triptique-version-dons-v5.pdf\">Triptique-version dons v5<\/a><a href=\"https:\/\/villagesaintjoseph.org\/mieges\/wp-content\/uploads\/sites\/13\/2025\/12\/Triptique-version-dons-v5.pdf\" class=\"wp-block-file__button wp-element-button\" download aria-describedby=\"wp-block-file--media-f5472906-7d92-4020-84dc-84f850cfc856\">T\u00e9l\u00e9charger<\/a><\/div>\n\n\n\n<p><strong>Teaser de pr\u00e9sentation (version beta)<\/strong><\/p>\n\n\n\n<figure class=\"wp-block-embed is-type-video is-provider-youtube wp-block-embed-youtube wp-embed-aspect-16-9 wp-has-aspect-ratio\"><div class=\"wp-block-embed__wrapper\">\n<iframe loading=\"lazy\" title=\"Notre-Dame de Mieges Teaser\" width=\"500\" height=\"281\" src=\"https:\/\/www.youtube.com\/embed\/QJ6z7jfS3RU?feature=oembed\" frameborder=\"0\" allow=\"accelerometer; autoplay; clipboard-write; encrypted-media; gyroscope; picture-in-picture; web-share\" referrerpolicy=\"strict-origin-when-cross-origin\" allowfullscreen><\/iframe>\n<\/div><\/figure>\n\n\n\n<p><em>Merci Jeff !<\/em><\/p>\n\n\n\n<p><strong>Vid\u00e9o de pr\u00e9sentation du projet (<em>Merci encore Jeff !<\/em>)<\/strong><\/p>\n\n\n\n<p><em>Prochainement disponible<\/em><\/p>\n\n\n\n<p><strong>On parle de nous \ud83d\ude09<\/strong><\/p>\n\n\n\n<p>Emission KTO sur le dioc\u00e8se du Jura (07\/10\/2024) : <a href=\"https:\/\/www.ktotv.com\/video\/00442828\/mgr-jean-luc-garin-diocese-de-saint-claude\"><a href=\"https:\/\/www.ktotv.com\/video\/00442828\/mgr-jean-luc-garin-diocese-de-saint-claude\" target=\"_blank\" rel=\"noreferrer noopener\">Mgr Jean-Luc Garin &#8211; Dioc\u00e8se de Saint-Claude \u2014\u00a0KTOTV<\/a><\/a><\/p>\n\n\n\n<p>Emission RCF sur le logement solidaire avec la participation de Camille (14\/11\/2024) : <a href=\"https:\/\/www.rcf.fr\/actualite\/focus-1?episode=529745\">https:\/\/www.rcf.fr\/actualite\/focus-1?episode=529745<\/a><\/p>\n\n\n\n<p><\/p>\n","protected":false},"excerpt":{"rendered":"<p>Voici quelques support de communication pour faire conna\u00eetre le Village Saint Joseph de Mi\u00e8ges autour de vous. Triptyque de pr\u00e9sentation Teaser de pr\u00e9sentation (version beta) Merci Jeff ! Vid\u00e9o de pr\u00e9sentation du projet (Merci encore Jeff !) Prochainement disponible On parle de nous \ud83d\ude09 Emission KTO sur le dioc\u00e8se du Jura (07\/10\/2024) : Mgr Jean-Luc [&hellip;]<\/p>\n","protected":false},"author":27,"featured_media":0,"parent":0,"menu_order":0,"comment_status":"closed","ping_status":"closed","template":"","meta":{"inline_featured_image":false,"footnotes":""},"class_list":["post-2337","page","type-page","status-publish","hentry"],"acf":[],"_links":{"self":[{"href":"https:\/\/villagesaintjoseph.org\/mieges\/wp-json\/wp\/v2\/pages\/2337","targetHints":{"allow":["GET"]}}],"collection":[{"href":"https:\/\/villagesaintjoseph.org\/mieges\/wp-json\/wp\/v2\/pages"}],"about":[{"href":"https:\/\/villagesaintjoseph.org\/mieges\/wp-json\/wp\/v2\/types\/page"}],"author":[{"embeddable":true,"href":"https:\/\/villagesaintjoseph.org\/mieges\/wp-json\/wp\/v2\/users\/27"}],"replies":[{"embeddable":true,"href":"https:\/\/villagesaintjoseph.org\/mieges\/wp-json\/wp\/v2\/comments?post=2337"}],"version-history":[{"count":2,"href":"https:\/\/villagesaintjoseph.org\/mieges\/wp-json\/wp\/v2\/pages\/2337\/revisions"}],"predecessor-version":[{"id":2343,"href":"https:\/\/villagesaintjoseph.org\/mieges\/wp-json\/wp\/v2\/pages\/2337\/revisions\/2343"}],"wp:attachment":[{"href":"https:\/\/villagesaintjoseph.org\/mieges\/wp-json\/wp\/v2\/media?parent=2337"}],"curies":[{"name":"wp","href":"https:\/\/api.w.org\/{rel}","templated":true}]}}

Médias

<p>Voici quelques support de communication pour faire connaître le Village Saint Joseph de Mièges autour de vous.</p>



<p><strong>Triptyque de présentation</strong></p>



<div data-wp-interactive="core/file" class="wp-block-file"><object data-wp-bind--hidden="!state.hasPdfPreview" hidden class="wp-block-file__embed" data="https://villagesaintjoseph.org/mieges/wp-content/uploads/sites/13/2025/12/Triptique-version-dons-v5.pdf" type="application/pdf" style="width:100%;height:600px" aria-label="Contenu embarqué Triptique-version dons v5."></object><a id="wp-block-file--media-f5472906-7d92-4020-84dc-84f850cfc856" href="https://villagesaintjoseph.org/mieges/wp-content/uploads/sites/13/2025/12/Triptique-version-dons-v5.pdf">Triptique-version dons v5</a><a href="https://villagesaintjoseph.org/mieges/wp-content/uploads/sites/13/2025/12/Triptique-version-dons-v5.pdf" class="wp-block-file__button wp-element-button" download aria-describedby="wp-block-file--media-f5472906-7d92-4020-84dc-84f850cfc856">Télécharger</a></div>



<p><strong>Teaser de présentation (version beta)</strong></p>



<figure class="wp-block-embed is-type-video is-provider-youtube wp-block-embed-youtube wp-embed-aspect-16-9 wp-has-aspect-ratio"><div class="wp-block-embed__wrapper">
<iframe loading="lazy" title="Notre-Dame de Mieges Teaser" width="500" height="281" src="https://www.youtube.com/embed/QJ6z7jfS3RU?feature=oembed" frameborder="0" allow="accelerometer; autoplay; clipboard-write; encrypted-media; gyroscope; picture-in-picture; web-share" referrerpolicy="strict-origin-when-cross-origin" allowfullscreen></iframe>
</div></figure>



<p><em>Merci Jeff !</em></p>



<p><strong>Vidéo de présentation du projet (<em>Merci encore Jeff !</em>)</strong></p>



<p><em>Prochainement disponible</em></p>



<p><strong>On parle de nous 😉</strong></p>



<p>Emission KTO sur le diocèse du Jura (07/10/2024) : <a href="https://www.ktotv.com/video/00442828/mgr-jean-luc-garin-diocese-de-saint-claude"><a href="https://www.ktotv.com/video/00442828/mgr-jean-luc-garin-diocese-de-saint-claude" target="_blank" rel="noreferrer noopener">Mgr Jean-Luc Garin &#8211; Diocèse de Saint-Claude — KTOTV</a></a></p>



<p>Emission RCF sur le logement solidaire avec la participation de Camille (14/11/2024) : <a href="https://www.rcf.fr/actualite/focus-1?episode=529745">https://www.rcf.fr/actualite/focus-1?episode=529745</a></p>



<p></p>

<p>Voici quelques support de communication pour faire connaître le Village Saint Joseph de Mièges autour de vous. Triptyque de présentation Teaser de présentation (version beta) Merci Jeff ! Vidéo de présentation du projet (Merci encore Jeff !) Prochainement disponible On parle de nous 😉 Emission KTO sur le diocèse du Jura (07/10/2024) : Mgr Jean-Luc [&hellip;]</p>
