{"id":56,"date":"2021-04-27T16:23:37","date_gmt":"2021-04-27T14:23:37","guid":{"rendered":"https:\/\/plounevez-quintin.stjoseph.ovh\/?page_id=56"},"modified":"2026-01-14T21:24:41","modified_gmt":"2026-01-14T20:24:41","slug":"don","status":"publish","type":"page","link":"https:\/\/villagesaintjoseph.org\/plounevez-quintin\/don\/","title":{"rendered":"Faire un don"},"content":{"rendered":"\n<p><em>Gr\u00e2ce \u00e0 la loi Coluche, l&rsquo;association \u00ab\u00a0Le Village Saint Joseph\u00a0\u00bb est reconnue d&rsquo;int\u00e9r\u00eat g\u00e9n\u00e9ral.<\/em><\/p>\n\n\n\n<p><em>A ce titre, les dons ouvrent droit \u00e0 une r\u00e9duction d&rsquo;imp\u00f4ts de 75% du montant vers\u00e9, <\/em><br><em>dans la limite de 1 000 \u20ac, puis de 66% pour la part des dons sup\u00e9rieure \u00e0 1 000 \u20ac.<\/em><\/p>\n\n\n\n<p><em>Un re\u00e7u fiscal vous sera d\u00e9livr\u00e9 et permettra de justifier cette r\u00e9duction aupr\u00e8s de l&rsquo;administration fiscale.&nbsp;<\/em><\/p>\n","protected":false},"excerpt":{"rendered":"<p>Gr\u00e2ce \u00e0 la loi Coluche, l&rsquo;association \u00ab\u00a0Le Village Saint Joseph\u00a0\u00bb est reconnue d&rsquo;int\u00e9r\u00eat g\u00e9n\u00e9ral. A ce titre, les dons ouvrent droit \u00e0 une r\u00e9duction d&rsquo;imp\u00f4ts de 75% du montant vers\u00e9, dans la limite de 1 000 \u20ac, puis de 66% pour la part des dons sup\u00e9rieure \u00e0 1 000 \u20ac. Un re\u00e7u fiscal vous sera [&hellip;]<\/p>\n","protected":false},"author":18,"featured_media":818,"parent":0,"menu_order":35,"comment_status":"closed","ping_status":"closed","template":"templates-pages\/faire-un-don-maison.php","meta":{"inline_featured_image":false,"footnotes":""},"class_list":["post-56","page","type-page","status-publish","has-post-thumbnail","hentry"],"acf":[],"yoast_head":"<!-- This site is optimized with the Yoast SEO plugin v27.4 - https:\/\/yoast.com\/product\/yoast-seo-wordpress\/ -->\n<title>Faire un don - Maison de Ploun\u00e9vez-Quintin<\/title>\n<meta name=\"description\" content=\"Gr\u00e2ce \u00e0 la loi Coluche, l&#039;association &quot;Le Village Saint Joseph&quot; est reconnue d&#039;int\u00e9r\u00eat g\u00e9n\u00e9ral. A ce titre, les dons ouvrent droit \u00e0 une r\u00e9duction\" \/>\n<meta name=\"robots\" content=\"index, follow, max-snippet:-1, max-image-preview:large, max-video-preview:-1\" \/>\n<link rel=\"canonical\" href=\"https:\/\/villagesaintjoseph.org\/plounevez-quintin\/don\/\" \/>\n<meta property=\"og:locale\" content=\"fr_FR\" \/>\n<meta property=\"og:type\" content=\"article\" \/>\n<meta property=\"og:title\" content=\"Faire un don - Maison de Ploun\u00e9vez-Quintin\" \/>\n<meta property=\"og:description\" content=\"Gr\u00e2ce \u00e0 la loi Coluche, l&#039;association &quot;Le Village Saint Joseph&quot; est reconnue d&#039;int\u00e9r\u00eat g\u00e9n\u00e9ral. A ce titre, les dons ouvrent droit \u00e0 une r\u00e9duction\" \/>\n<meta property=\"og:url\" content=\"https:\/\/villagesaintjoseph.org\/plounevez-quintin\/don\/\" \/>\n<meta property=\"og:site_name\" content=\"Maison de Ploun\u00e9vez-Quintin\" \/>\n<meta property=\"article:modified_time\" content=\"2026-01-14T20:24:41+00:00\" \/>\n<meta property=\"og:image\" content=\"https:\/\/villagesaintjoseph.org\/plounevez-quintin\/wp-content\/uploads\/sites\/6\/2022\/03\/Donner-don-feurs.jpg\" \/>\n\t<meta property=\"og:image:width\" content=\"1920\" \/>\n\t<meta property=\"og:image:height\" content=\"1285\" \/>\n\t<meta property=\"og:image:type\" content=\"image\/jpeg\" \/>\n<meta name=\"twitter:card\" content=\"summary_large_image\" \/>\n<script type=\"application\/ld+json\" class=\"yoast-schema-graph\">{\"@context\":\"https:\\\/\\\/schema.org\",\"@graph\":[{\"@type\":\"WebPage\",\"@id\":\"https:\\\/\\\/villagesaintjoseph.org\\\/plounevez-quintin\\\/don\\\/\",\"url\":\"https:\\\/\\\/villagesaintjoseph.org\\\/plounevez-quintin\\\/don\\\/\",\"name\":\"Faire un don - Maison de Ploun\u00e9vez-Quintin\",\"isPartOf\":{\"@id\":\"https:\\\/\\\/villagesaintjoseph.org\\\/plounevez-quintin\\\/#website\"},\"primaryImageOfPage\":{\"@id\":\"https:\\\/\\\/villagesaintjoseph.org\\\/plounevez-quintin\\\/don\\\/#primaryimage\"},\"image\":{\"@id\":\"https:\\\/\\\/villagesaintjoseph.org\\\/plounevez-quintin\\\/don\\\/#primaryimage\"},\"thumbnailUrl\":\"https:\\\/\\\/villagesaintjoseph.org\\\/plounevez-quintin\\\/wp-content\\\/uploads\\\/sites\\\/6\\\/2022\\\/03\\\/Donner-don-feurs.jpg\",\"datePublished\":\"2021-04-27T14:23:37+00:00\",\"dateModified\":\"2026-01-14T20:24:41+00:00\",\"description\":\"Gr\u00e2ce \u00e0 la loi Coluche, l'association \\\"Le Village Saint Joseph\\\" est reconnue d'int\u00e9r\u00eat g\u00e9n\u00e9ral. A ce titre, les dons ouvrent droit \u00e0 une r\u00e9duction\",\"breadcrumb\":{\"@id\":\"https:\\\/\\\/villagesaintjoseph.org\\\/plounevez-quintin\\\/don\\\/#breadcrumb\"},\"inLanguage\":\"fr-FR\",\"potentialAction\":[{\"@type\":\"ReadAction\",\"target\":[\"https:\\\/\\\/villagesaintjoseph.org\\\/plounevez-quintin\\\/don\\\/\"]}]},{\"@type\":\"ImageObject\",\"inLanguage\":\"fr-FR\",\"@id\":\"https:\\\/\\\/villagesaintjoseph.org\\\/plounevez-quintin\\\/don\\\/#primaryimage\",\"url\":\"https:\\\/\\\/villagesaintjoseph.org\\\/plounevez-quintin\\\/wp-content\\\/uploads\\\/sites\\\/6\\\/2022\\\/03\\\/Donner-don-feurs.jpg\",\"contentUrl\":\"https:\\\/\\\/villagesaintjoseph.org\\\/plounevez-quintin\\\/wp-content\\\/uploads\\\/sites\\\/6\\\/2022\\\/03\\\/Donner-don-feurs.jpg\",\"width\":1920,\"height\":1285},{\"@type\":\"BreadcrumbList\",\"@id\":\"https:\\\/\\\/villagesaintjoseph.org\\\/plounevez-quintin\\\/don\\\/#breadcrumb\",\"itemListElement\":[{\"@type\":\"ListItem\",\"position\":1,\"name\":\"Accueil\",\"item\":\"https:\\\/\\\/villagesaintjoseph.org\\\/plounevez-quintin\\\/\"},{\"@type\":\"ListItem\",\"position\":2,\"name\":\"Faire un don\"}]},{\"@type\":\"WebSite\",\"@id\":\"https:\\\/\\\/villagesaintjoseph.org\\\/plounevez-quintin\\\/#website\",\"url\":\"https:\\\/\\\/villagesaintjoseph.org\\\/plounevez-quintin\\\/\",\"name\":\"Maison de Ploun\u00e9vez-Quintin\",\"description\":\"\",\"potentialAction\":[{\"@type\":\"SearchAction\",\"target\":{\"@type\":\"EntryPoint\",\"urlTemplate\":\"https:\\\/\\\/villagesaintjoseph.org\\\/plounevez-quintin\\\/?s={search_term_string}\"},\"query-input\":{\"@type\":\"PropertyValueSpecification\",\"valueRequired\":true,\"valueName\":\"search_term_string\"}}],\"inLanguage\":\"fr-FR\"}]}<\/script>\n<!-- \/ Yoast SEO plugin. -->","yoast_head_json":{"title":"Faire un don - Maison de Ploun\u00e9vez-Quintin","description":"Gr\u00e2ce \u00e0 la loi Coluche, l'association \"Le Village Saint Joseph\" est reconnue d'int\u00e9r\u00eat g\u00e9n\u00e9ral. A ce titre, les dons ouvrent droit \u00e0 une r\u00e9duction","robots":{"index":"index","follow":"follow","max-snippet":"max-snippet:-1","max-image-preview":"max-image-preview:large","max-video-preview":"max-video-preview:-1"},"canonical":"https:\/\/villagesaintjoseph.org\/plounevez-quintin\/don\/","og_locale":"fr_FR","og_type":"article","og_title":"Faire un don - Maison de Ploun\u00e9vez-Quintin","og_description":"Gr\u00e2ce \u00e0 la loi Coluche, l'association \"Le Village Saint Joseph\" est reconnue d'int\u00e9r\u00eat g\u00e9n\u00e9ral. A ce titre, les dons ouvrent droit \u00e0 une r\u00e9duction","og_url":"https:\/\/villagesaintjoseph.org\/plounevez-quintin\/don\/","og_site_name":"Maison de Ploun\u00e9vez-Quintin","article_modified_time":"2026-01-14T20:24:41+00:00","og_image":[{"width":1920,"height":1285,"url":"https:\/\/villagesaintjoseph.org\/plounevez-quintin\/wp-content\/uploads\/sites\/6\/2022\/03\/Donner-don-feurs.jpg","type":"image\/jpeg"}],"twitter_card":"summary_large_image","schema":{"@context":"https:\/\/schema.org","@graph":[{"@type":"WebPage","@id":"https:\/\/villagesaintjoseph.org\/plounevez-quintin\/don\/","url":"https:\/\/villagesaintjoseph.org\/plounevez-quintin\/don\/","name":"Faire un don - Maison de Ploun\u00e9vez-Quintin","isPartOf":{"@id":"https:\/\/villagesaintjoseph.org\/plounevez-quintin\/#website"},"primaryImageOfPage":{"@id":"https:\/\/villagesaintjoseph.org\/plounevez-quintin\/don\/#primaryimage"},"image":{"@id":"https:\/\/villagesaintjoseph.org\/plounevez-quintin\/don\/#primaryimage"},"thumbnailUrl":"https:\/\/villagesaintjoseph.org\/plounevez-quintin\/wp-content\/uploads\/sites\/6\/2022\/03\/Donner-don-feurs.jpg","datePublished":"2021-04-27T14:23:37+00:00","dateModified":"2026-01-14T20:24:41+00:00","description":"Gr\u00e2ce \u00e0 la loi Coluche, l'association \"Le Village Saint Joseph\" est reconnue d'int\u00e9r\u00eat g\u00e9n\u00e9ral. A ce titre, les dons ouvrent droit \u00e0 une r\u00e9duction","breadcrumb":{"@id":"https:\/\/villagesaintjoseph.org\/plounevez-quintin\/don\/#breadcrumb"},"inLanguage":"fr-FR","potentialAction":[{"@type":"ReadAction","target":["https:\/\/villagesaintjoseph.org\/plounevez-quintin\/don\/"]}]},{"@type":"ImageObject","inLanguage":"fr-FR","@id":"https:\/\/villagesaintjoseph.org\/plounevez-quintin\/don\/#primaryimage","url":"https:\/\/villagesaintjoseph.org\/plounevez-quintin\/wp-content\/uploads\/sites\/6\/2022\/03\/Donner-don-feurs.jpg","contentUrl":"https:\/\/villagesaintjoseph.org\/plounevez-quintin\/wp-content\/uploads\/sites\/6\/2022\/03\/Donner-don-feurs.jpg","width":1920,"height":1285},{"@type":"BreadcrumbList","@id":"https:\/\/villagesaintjoseph.org\/plounevez-quintin\/don\/#breadcrumb","itemListElement":[{"@type":"ListItem","position":1,"name":"Accueil","item":"https:\/\/villagesaintjoseph.org\/plounevez-quintin\/"},{"@type":"ListItem","position":2,"name":"Faire un don"}]},{"@type":"WebSite","@id":"https:\/\/villagesaintjoseph.org\/plounevez-quintin\/#website","url":"https:\/\/villagesaintjoseph.org\/plounevez-quintin\/","name":"Maison de Ploun\u00e9vez-Quintin","description":"","potentialAction":[{"@type":"SearchAction","target":{"@type":"EntryPoint","urlTemplate":"https:\/\/villagesaintjoseph.org\/plounevez-quintin\/?s={search_term_string}"},"query-input":{"@type":"PropertyValueSpecification","valueRequired":true,"valueName":"search_term_string"}}],"inLanguage":"fr-FR"}]}},"_links":{"self":[{"href":"https:\/\/villagesaintjoseph.org\/plounevez-quintin\/wp-json\/wp\/v2\/pages\/56","targetHints":{"allow":["GET"]}}],"collection":[{"href":"https:\/\/villagesaintjoseph.org\/plounevez-quintin\/wp-json\/wp\/v2\/pages"}],"about":[{"href":"https:\/\/villagesaintjoseph.org\/plounevez-quintin\/wp-json\/wp\/v2\/types\/page"}],"author":[{"embeddable":true,"href":"https:\/\/villagesaintjoseph.org\/plounevez-quintin\/wp-json\/wp\/v2\/users\/18"}],"replies":[{"embeddable":true,"href":"https:\/\/villagesaintjoseph.org\/plounevez-quintin\/wp-json\/wp\/v2\/comments?post=56"}],"version-history":[{"count":62,"href":"https:\/\/villagesaintjoseph.org\/plounevez-quintin\/wp-json\/wp\/v2\/pages\/56\/revisions"}],"predecessor-version":[{"id":1375,"href":"https:\/\/villagesaintjoseph.org\/plounevez-quintin\/wp-json\/wp\/v2\/pages\/56\/revisions\/1375"}],"wp:featuredmedia":[{"embeddable":true,"href":"https:\/\/villagesaintjoseph.org\/plounevez-quintin\/wp-json\/wp\/v2\/media\/818"}],"wp:attachment":[{"href":"https:\/\/villagesaintjoseph.org\/plounevez-quintin\/wp-json\/wp\/v2\/media?parent=56"}],"curies":[{"name":"wp","href":"https:\/\/api.w.org\/{rel}","templated":true}]}}