{"id":191,"date":"2021-12-08T12:23:03","date_gmt":"2021-12-08T11:23:03","guid":{"rendered":"https:\/\/sycomore.stjoseph.ovh\/?page_id=191"},"modified":"2021-12-08T12:23:03","modified_gmt":"2021-12-08T11:23:03","slug":"nous-contacter","status":"publish","type":"page","link":"https:\/\/villagesaintjoseph.org\/sycomore\/nous-contacter\/","title":{"rendered":"Nous contacter"},"content":{"rendered":"\n<div class=\"wp-block-columns is-layout-flex wp-container-core-columns-is-layout-28f84493 wp-block-columns-is-layout-flex\">\n<div class=\"wp-block-column is-layout-flow wp-block-column-is-layout-flow\">\n<p><strong>Le Sycomore \u2013 Village Saint Joseph au Calvaire de Pont-Ch\u00e2teau<\/strong><br>6 rue du P\u00e8re Jacques Barr\u00e9 \u2013 Le Calvaire<br>44160 Pont-Ch\u00e2teau<br>07 66 20 50 24<br>contact.lesycomore @ villagesaintjoseph.org<\/p>\n<\/div>\n\n\n\n<div class=\"wp-block-column is-layout-flow wp-block-column-is-layout-flow\">\n<h2 class=\"wp-block-heading\">Contactez Le Sycomore en remplissant ce formulaire :<\/h2>\n\n\n\n<div class=\"wp-block-contact-form-7-contact-form-selector\">\n<div class=\"wpcf7 no-js\" id=\"wpcf7-f176-o1\" lang=\"fr-FR\" dir=\"ltr\" data-wpcf7-id=\"176\">\n<div class=\"screen-reader-response\"><p role=\"status\" aria-live=\"polite\" aria-atomic=\"true\"><\/p> <ul><\/ul><\/div>\n<form action=\"\/sycomore\/wp-json\/wp\/v2\/pages\/191#wpcf7-f176-o1\" method=\"post\" class=\"wpcf7-form init\" aria-label=\"Formulaire de contact\" novalidate=\"novalidate\" data-status=\"init\">\n<fieldset class=\"hidden-fields-container\"><input type=\"hidden\" name=\"_wpcf7\" value=\"176\" \/><input type=\"hidden\" name=\"_wpcf7_version\" value=\"6.1.5\" \/><input type=\"hidden\" name=\"_wpcf7_locale\" value=\"fr_FR\" \/><input type=\"hidden\" name=\"_wpcf7_unit_tag\" value=\"wpcf7-f176-o1\" \/><input type=\"hidden\" name=\"_wpcf7_container_post\" value=\"0\" \/><input type=\"hidden\" name=\"_wpcf7_posted_data_hash\" value=\"\" \/><input type=\"hidden\" name=\"_wpcf7_recaptcha_response\" value=\"\" \/>\n<\/fieldset>\n<p><label> Votre nom<br \/>\n<span class=\"wpcf7-form-control-wrap\" data-name=\"your-name\"><input size=\"40\" maxlength=\"400\" class=\"wpcf7-form-control wpcf7-text wpcf7-validates-as-required\" aria-required=\"true\" aria-invalid=\"false\" value=\"\" type=\"text\" name=\"your-name\" \/><\/span> <\/label>\n<\/p>\n<p><label> Votre e-mail<br \/>\n<span class=\"wpcf7-form-control-wrap\" data-name=\"your-email\"><input size=\"40\" maxlength=\"400\" class=\"wpcf7-form-control wpcf7-email wpcf7-validates-as-required wpcf7-text wpcf7-validates-as-email\" aria-required=\"true\" aria-invalid=\"false\" value=\"\" type=\"email\" name=\"your-email\" \/><\/span> <\/label>\n<\/p>\n<p><label> Objet<br \/>\n<span class=\"wpcf7-form-control-wrap\" data-name=\"your-subject\"><input size=\"40\" maxlength=\"400\" class=\"wpcf7-form-control wpcf7-text wpcf7-validates-as-required\" aria-required=\"true\" aria-invalid=\"false\" value=\"\" type=\"text\" name=\"your-subject\" \/><\/span> <\/label>\n<\/p>\n<p><label> Votre demande est destin\u00e9e \u00e0<br \/>\n<span class=\"wpcf7-form-control-wrap\" data-name=\"demande-destinee\"><select class=\"wpcf7-form-control wpcf7-select\" aria-invalid=\"false\" name=\"demande-destinee\"><option value=\"Maison Le Sycomore (44)\">Maison Le Sycomore (44)<\/option><\/select><\/span><br \/>\n<\/label>\n<\/p>\n<p><label> Votre message (facultatif)<br \/>\n<span class=\"wpcf7-form-control-wrap\" data-name=\"your-message\"><textarea cols=\"40\" rows=\"10\" maxlength=\"2000\" class=\"wpcf7-form-control wpcf7-textarea\" aria-invalid=\"false\" name=\"your-message\"><\/textarea><\/span> <\/label>\n<\/p>\n<p><input class=\"wpcf7-form-control wpcf7-submit has-spinner\" type=\"submit\" value=\"Envoyer\" \/>\n<\/p><div class=\"wpcf7-response-output\" aria-hidden=\"true\"><\/div>\n<\/form>\n<\/div>\n<\/div>\n<\/div>\n<\/div>\n","protected":false},"excerpt":{"rendered":"<p>Le Sycomore \u2013 Village Saint Joseph au Calvaire de Pont-Ch\u00e2teau6 rue du P\u00e8re Jacques Barr\u00e9 \u2013 Le Calvaire44160 Pont-Ch\u00e2teau07 66 20 50 24contact.lesycomore @ villagesaintjoseph.org Contactez Le Sycomore en remplissant ce formulaire :<\/p>\n","protected":false},"author":9,"featured_media":0,"parent":0,"menu_order":6,"comment_status":"closed","ping_status":"closed","template":"","meta":{"inline_featured_image":false,"footnotes":""},"class_list":["post-191","page","type-page","status-publish","hentry"],"acf":[],"yoast_head":"<!-- This site is optimized with the Yoast SEO plugin v27.3 - https:\/\/yoast.com\/product\/yoast-seo-wordpress\/ -->\n<title>Nous contacter - Maison Le Sycomore<\/title>\n<meta name=\"description\" content=\"Le Sycomore \u2013 Village Saint Joseph au Calvaire de Pont-Ch\u00e2teau6 rue du P\u00e8re Jacques Barr\u00e9 \u2013 Le Calvaire44160 Pont-Ch\u00e2teau07 66 20 50 24contact.lesycomore\" \/>\n<meta name=\"robots\" content=\"index, follow, max-snippet:-1, max-image-preview:large, max-video-preview:-1\" \/>\n<link rel=\"canonical\" href=\"https:\/\/villagesaintjoseph.org\/sycomore\/nous-contacter\/\" \/>\n<meta property=\"og:locale\" content=\"fr_FR\" \/>\n<meta property=\"og:type\" content=\"article\" \/>\n<meta property=\"og:title\" content=\"Nous contacter - Maison Le Sycomore\" \/>\n<meta property=\"og:description\" content=\"Le Sycomore \u2013 Village Saint Joseph au Calvaire de Pont-Ch\u00e2teau6 rue du P\u00e8re Jacques Barr\u00e9 \u2013 Le Calvaire44160 Pont-Ch\u00e2teau07 66 20 50 24contact.lesycomore\" \/>\n<meta property=\"og:url\" content=\"https:\/\/villagesaintjoseph.org\/sycomore\/nous-contacter\/\" \/>\n<meta property=\"og:site_name\" content=\"Maison Le Sycomore\" \/>\n<meta name=\"twitter:card\" content=\"summary_large_image\" \/>\n<script type=\"application\/ld+json\" class=\"yoast-schema-graph\">{\"@context\":\"https:\\\/\\\/schema.org\",\"@graph\":[{\"@type\":\"WebPage\",\"@id\":\"https:\\\/\\\/villagesaintjoseph.org\\\/sycomore\\\/nous-contacter\\\/\",\"url\":\"https:\\\/\\\/villagesaintjoseph.org\\\/sycomore\\\/nous-contacter\\\/\",\"name\":\"Nous contacter - Maison Le Sycomore\",\"isPartOf\":{\"@id\":\"https:\\\/\\\/villagesaintjoseph.org\\\/sycomore\\\/#website\"},\"datePublished\":\"2021-12-08T11:23:03+00:00\",\"description\":\"Le Sycomore \u2013 Village Saint Joseph au Calvaire de Pont-Ch\u00e2teau6 rue du P\u00e8re Jacques Barr\u00e9 \u2013 Le Calvaire44160 Pont-Ch\u00e2teau07 66 20 50 24contact.lesycomore\",\"breadcrumb\":{\"@id\":\"https:\\\/\\\/villagesaintjoseph.org\\\/sycomore\\\/nous-contacter\\\/#breadcrumb\"},\"inLanguage\":\"fr-FR\",\"potentialAction\":[{\"@type\":\"ReadAction\",\"target\":[\"https:\\\/\\\/villagesaintjoseph.org\\\/sycomore\\\/nous-contacter\\\/\"]}]},{\"@type\":\"BreadcrumbList\",\"@id\":\"https:\\\/\\\/villagesaintjoseph.org\\\/sycomore\\\/nous-contacter\\\/#breadcrumb\",\"itemListElement\":[{\"@type\":\"ListItem\",\"position\":1,\"name\":\"Accueil\",\"item\":\"https:\\\/\\\/villagesaintjoseph.org\\\/sycomore\\\/\"},{\"@type\":\"ListItem\",\"position\":2,\"name\":\"Nous contacter\"}]},{\"@type\":\"WebSite\",\"@id\":\"https:\\\/\\\/villagesaintjoseph.org\\\/sycomore\\\/#website\",\"url\":\"https:\\\/\\\/villagesaintjoseph.org\\\/sycomore\\\/\",\"name\":\"Maison Le Sycomore\",\"description\":\"\",\"potentialAction\":[{\"@type\":\"SearchAction\",\"target\":{\"@type\":\"EntryPoint\",\"urlTemplate\":\"https:\\\/\\\/villagesaintjoseph.org\\\/sycomore\\\/?s={search_term_string}\"},\"query-input\":{\"@type\":\"PropertyValueSpecification\",\"valueRequired\":true,\"valueName\":\"search_term_string\"}}],\"inLanguage\":\"fr-FR\"}]}<\/script>\n<!-- \/ Yoast SEO plugin. -->","yoast_head_json":{"title":"Nous contacter - Maison Le Sycomore","description":"Le Sycomore \u2013 Village Saint Joseph au Calvaire de Pont-Ch\u00e2teau6 rue du P\u00e8re Jacques Barr\u00e9 \u2013 Le Calvaire44160 Pont-Ch\u00e2teau07 66 20 50 24contact.lesycomore","robots":{"index":"index","follow":"follow","max-snippet":"max-snippet:-1","max-image-preview":"max-image-preview:large","max-video-preview":"max-video-preview:-1"},"canonical":"https:\/\/villagesaintjoseph.org\/sycomore\/nous-contacter\/","og_locale":"fr_FR","og_type":"article","og_title":"Nous contacter - Maison Le Sycomore","og_description":"Le Sycomore \u2013 Village Saint Joseph au Calvaire de Pont-Ch\u00e2teau6 rue du P\u00e8re Jacques Barr\u00e9 \u2013 Le Calvaire44160 Pont-Ch\u00e2teau07 66 20 50 24contact.lesycomore","og_url":"https:\/\/villagesaintjoseph.org\/sycomore\/nous-contacter\/","og_site_name":"Maison Le Sycomore","twitter_card":"summary_large_image","schema":{"@context":"https:\/\/schema.org","@graph":[{"@type":"WebPage","@id":"https:\/\/villagesaintjoseph.org\/sycomore\/nous-contacter\/","url":"https:\/\/villagesaintjoseph.org\/sycomore\/nous-contacter\/","name":"Nous contacter - Maison Le Sycomore","isPartOf":{"@id":"https:\/\/villagesaintjoseph.org\/sycomore\/#website"},"datePublished":"2021-12-08T11:23:03+00:00","description":"Le Sycomore \u2013 Village Saint Joseph au Calvaire de Pont-Ch\u00e2teau6 rue du P\u00e8re Jacques Barr\u00e9 \u2013 Le Calvaire44160 Pont-Ch\u00e2teau07 66 20 50 24contact.lesycomore","breadcrumb":{"@id":"https:\/\/villagesaintjoseph.org\/sycomore\/nous-contacter\/#breadcrumb"},"inLanguage":"fr-FR","potentialAction":[{"@type":"ReadAction","target":["https:\/\/villagesaintjoseph.org\/sycomore\/nous-contacter\/"]}]},{"@type":"BreadcrumbList","@id":"https:\/\/villagesaintjoseph.org\/sycomore\/nous-contacter\/#breadcrumb","itemListElement":[{"@type":"ListItem","position":1,"name":"Accueil","item":"https:\/\/villagesaintjoseph.org\/sycomore\/"},{"@type":"ListItem","position":2,"name":"Nous contacter"}]},{"@type":"WebSite","@id":"https:\/\/villagesaintjoseph.org\/sycomore\/#website","url":"https:\/\/villagesaintjoseph.org\/sycomore\/","name":"Maison Le Sycomore","description":"","potentialAction":[{"@type":"SearchAction","target":{"@type":"EntryPoint","urlTemplate":"https:\/\/villagesaintjoseph.org\/sycomore\/?s={search_term_string}"},"query-input":{"@type":"PropertyValueSpecification","valueRequired":true,"valueName":"search_term_string"}}],"inLanguage":"fr-FR"}]}},"_links":{"self":[{"href":"https:\/\/villagesaintjoseph.org\/sycomore\/wp-json\/wp\/v2\/pages\/191","targetHints":{"allow":["GET"]}}],"collection":[{"href":"https:\/\/villagesaintjoseph.org\/sycomore\/wp-json\/wp\/v2\/pages"}],"about":[{"href":"https:\/\/villagesaintjoseph.org\/sycomore\/wp-json\/wp\/v2\/types\/page"}],"author":[{"embeddable":true,"href":"https:\/\/villagesaintjoseph.org\/sycomore\/wp-json\/wp\/v2\/users\/9"}],"replies":[{"embeddable":true,"href":"https:\/\/villagesaintjoseph.org\/sycomore\/wp-json\/wp\/v2\/comments?post=191"}],"version-history":[{"count":1,"href":"https:\/\/villagesaintjoseph.org\/sycomore\/wp-json\/wp\/v2\/pages\/191\/revisions"}],"predecessor-version":[{"id":193,"href":"https:\/\/villagesaintjoseph.org\/sycomore\/wp-json\/wp\/v2\/pages\/191\/revisions\/193"}],"wp:attachment":[{"href":"https:\/\/villagesaintjoseph.org\/sycomore\/wp-json\/wp\/v2\/media?parent=191"}],"curies":[{"name":"wp","href":"https:\/\/api.w.org\/{rel}","templated":true}]}}