{"id":46,"date":"2021-05-03T09:48:45","date_gmt":"2021-05-03T07:48:45","guid":{"rendered":"https:\/\/sycomore.stjoseph.ovh\/?page_id=46"},"modified":"2022-01-24T11:45:58","modified_gmt":"2022-01-24T10:45:58","slug":"vous-accueillir","status":"publish","type":"page","link":"https:\/\/villagesaintjoseph.org\/sycomore\/vous-accueillir\/","title":{"rendered":"Vous accueillir"},"content":{"rendered":"\n<h2 class=\"wp-block-heading\">Rejoindre la Maison \u00ab\u00a0Le Sycomore\u00a0\u00bb <\/h2>\n\n\n\n<p>Vous souhaitez prendre un temps au Village Saint Joseph pour vous reconstruire ? Contactez-nous ! <\/p>\n\n\n\n<p>Un&nbsp;<strong>entretien t\u00e9l\u00e9phonique<\/strong>&nbsp;vous sera propos\u00e9 pour s\u2019assurer que le lieu peut correspondre \u00e0 votre demande. <\/p>\n\n\n\n<p>A l\u2019issue de cet appel, si nous disposons encore de place, vous serez invit\u00e9 \u00e0 venir passer\u00a0<strong>une semaine de d\u00e9couverte<\/strong> au Sycomore. Dans le cas contraire, nous vous orienterons vers une autre maison du Village Saint Joseph. <\/p>\n\n\n\n<p>Apr\u00e8s un\u00a0<strong>discernement r\u00e9ciproque<\/strong>,\u00a0si la vie au Sycomore r\u00e9pond \u00e0 vos besoins, vous pourrez y \u00eatre accueilli. <\/p>\n\n\n\n<div class=\"wp-block-pb-accordion-item c-accordion__item js-accordion-item no-js\" data-initially-open=\"false\" data-click-to-close=\"true\" data-auto-close=\"true\" data-scroll=\"false\" data-scroll-offset=\"0\"><h4 id=\"at-460\" class=\"c-accordion__title js-accordion-controller\" role=\"button\"><strong>Lire la suite &#8230;<\/strong><\/h4><div id=\"ac-460\" class=\"c-accordion__content\">\n<p>Le Village accueille des personnes souhaitant<strong>&nbsp;se r\u00e9concilier avec la vie, se ressourcer, prendre un temps de pause pour se reconstruire.<\/strong>..Les situations des personnes accueillies sont donc tr\u00e8s diverses:<\/p>\n\n\n\n<ul class=\"wp-block-list\"><li>addictions (drogue, alcool\u2026)<\/li><li>personnes sans ressource, sans domicile, exclues\u2026<\/li><li>personnes au parcours de vie chaotique, avec des fragilit\u00e9s affectives, psychiques\u2026<\/li><li>personnes porteuses de handicap.<\/li><li>personnes ayant perdu le sens de la vie.<\/li><\/ul>\n\n\n\n<p>L&rsquo;accompagnement peut se faire en collaboration avec les services m\u00e9dico-sociaux. <\/p>\n\n\n\n<p>Le Sycomore accueille \u00e9galement des <strong>pr\u00eatres<\/strong>, <strong>religieux <\/strong>ou <strong>personnes consacr\u00e9es <\/strong>qui recherchent un lieu de repos et de ressourcement dans un climat familial et fraternel. <\/p>\n<\/div><\/div>\n\n\n\n<div class=\"wp-block-buttons is-content-justification-center is-layout-flex wp-block-buttons-is-layout-flex\">\n<div class=\"wp-block-button\"><a class=\"wp-block-button__link has-orange-background-color has-background\" href=\"https:\/\/villagesaintjoseph.org\/sycomore\/nous-contacter\/\">Nous contacter<\/a><\/div>\n<\/div>\n\n\n\n<p><\/p>\n","protected":false},"excerpt":{"rendered":"<p>Rejoindre la Maison \u00ab\u00a0Le Sycomore\u00a0\u00bb Vous souhaitez prendre un temps au Village Saint Joseph pour vous reconstruire ? Contactez-nous ! Un&nbsp;entretien t\u00e9l\u00e9phonique&nbsp;vous sera propos\u00e9 pour s\u2019assurer que le lieu peut correspondre \u00e0 votre demande. A l\u2019issue de cet appel, si nous disposons encore de place, vous serez invit\u00e9 \u00e0 venir passer\u00a0une semaine de d\u00e9couverte au [&hellip;]<\/p>\n","protected":false},"author":1,"featured_media":0,"parent":0,"menu_order":15,"comment_status":"closed","ping_status":"closed","template":"","meta":{"inline_featured_image":false,"footnotes":""},"class_list":["post-46","page","type-page","status-publish","hentry"],"acf":[],"yoast_head":"<!-- This site is optimized with the Yoast SEO plugin v27.4 - https:\/\/yoast.com\/product\/yoast-seo-wordpress\/ -->\n<title>Vous accueillir - Maison Le Sycomore<\/title>\n<meta name=\"description\" content=\"Rejoindre la Maison &quot;Le Sycomore&quot; Vous souhaitez prendre un temps au Village Saint Joseph pour vous reconstruire ? Contactez-nous ! Un&nbsp;entretien\" \/>\n<meta name=\"robots\" content=\"index, follow, max-snippet:-1, max-image-preview:large, max-video-preview:-1\" \/>\n<link rel=\"canonical\" href=\"https:\/\/villagesaintjoseph.org\/sycomore\/vous-accueillir\/\" \/>\n<meta property=\"og:locale\" content=\"fr_FR\" \/>\n<meta property=\"og:type\" content=\"article\" \/>\n<meta property=\"og:title\" content=\"Vous accueillir - Maison Le Sycomore\" \/>\n<meta property=\"og:description\" content=\"Rejoindre la Maison &quot;Le Sycomore&quot; Vous souhaitez prendre un temps au Village Saint Joseph pour vous reconstruire ? Contactez-nous ! Un&nbsp;entretien\" \/>\n<meta property=\"og:url\" content=\"https:\/\/villagesaintjoseph.org\/sycomore\/vous-accueillir\/\" \/>\n<meta property=\"og:site_name\" content=\"Maison Le Sycomore\" \/>\n<meta property=\"article:modified_time\" content=\"2022-01-24T10:45:58+00:00\" \/>\n<meta name=\"twitter:card\" content=\"summary_large_image\" \/>\n<meta name=\"twitter:label1\" content=\"Dur\u00e9e de lecture estim\u00e9e\" \/>\n\t<meta name=\"twitter:data1\" content=\"1 minute\" \/>\n<script type=\"application\/ld+json\" class=\"yoast-schema-graph\">{\"@context\":\"https:\\\/\\\/schema.org\",\"@graph\":[{\"@type\":\"WebPage\",\"@id\":\"https:\\\/\\\/villagesaintjoseph.org\\\/sycomore\\\/vous-accueillir\\\/\",\"url\":\"https:\\\/\\\/villagesaintjoseph.org\\\/sycomore\\\/vous-accueillir\\\/\",\"name\":\"Vous accueillir - Maison Le Sycomore\",\"isPartOf\":{\"@id\":\"https:\\\/\\\/villagesaintjoseph.org\\\/sycomore\\\/#website\"},\"datePublished\":\"2021-05-03T07:48:45+00:00\",\"dateModified\":\"2022-01-24T10:45:58+00:00\",\"description\":\"Rejoindre la Maison \\\"Le Sycomore\\\" Vous souhaitez prendre un temps au Village Saint Joseph pour vous reconstruire ? Contactez-nous ! Un&nbsp;entretien\",\"breadcrumb\":{\"@id\":\"https:\\\/\\\/villagesaintjoseph.org\\\/sycomore\\\/vous-accueillir\\\/#breadcrumb\"},\"inLanguage\":\"fr-FR\",\"potentialAction\":[{\"@type\":\"ReadAction\",\"target\":[\"https:\\\/\\\/villagesaintjoseph.org\\\/sycomore\\\/vous-accueillir\\\/\"]}]},{\"@type\":\"BreadcrumbList\",\"@id\":\"https:\\\/\\\/villagesaintjoseph.org\\\/sycomore\\\/vous-accueillir\\\/#breadcrumb\",\"itemListElement\":[{\"@type\":\"ListItem\",\"position\":1,\"name\":\"Accueil\",\"item\":\"https:\\\/\\\/villagesaintjoseph.org\\\/sycomore\\\/\"},{\"@type\":\"ListItem\",\"position\":2,\"name\":\"Vous accueillir\"}]},{\"@type\":\"WebSite\",\"@id\":\"https:\\\/\\\/villagesaintjoseph.org\\\/sycomore\\\/#website\",\"url\":\"https:\\\/\\\/villagesaintjoseph.org\\\/sycomore\\\/\",\"name\":\"Maison Le Sycomore\",\"description\":\"\",\"potentialAction\":[{\"@type\":\"SearchAction\",\"target\":{\"@type\":\"EntryPoint\",\"urlTemplate\":\"https:\\\/\\\/villagesaintjoseph.org\\\/sycomore\\\/?s={search_term_string}\"},\"query-input\":{\"@type\":\"PropertyValueSpecification\",\"valueRequired\":true,\"valueName\":\"search_term_string\"}}],\"inLanguage\":\"fr-FR\"}]}<\/script>\n<!-- \/ Yoast SEO plugin. -->","yoast_head_json":{"title":"Vous accueillir - Maison Le Sycomore","description":"Rejoindre la Maison \"Le Sycomore\" Vous souhaitez prendre un temps au Village Saint Joseph pour vous reconstruire ? Contactez-nous ! Un&nbsp;entretien","robots":{"index":"index","follow":"follow","max-snippet":"max-snippet:-1","max-image-preview":"max-image-preview:large","max-video-preview":"max-video-preview:-1"},"canonical":"https:\/\/villagesaintjoseph.org\/sycomore\/vous-accueillir\/","og_locale":"fr_FR","og_type":"article","og_title":"Vous accueillir - Maison Le Sycomore","og_description":"Rejoindre la Maison \"Le Sycomore\" Vous souhaitez prendre un temps au Village Saint Joseph pour vous reconstruire ? Contactez-nous ! Un&nbsp;entretien","og_url":"https:\/\/villagesaintjoseph.org\/sycomore\/vous-accueillir\/","og_site_name":"Maison Le Sycomore","article_modified_time":"2022-01-24T10:45:58+00:00","twitter_card":"summary_large_image","twitter_misc":{"Dur\u00e9e de lecture estim\u00e9e":"1 minute"},"schema":{"@context":"https:\/\/schema.org","@graph":[{"@type":"WebPage","@id":"https:\/\/villagesaintjoseph.org\/sycomore\/vous-accueillir\/","url":"https:\/\/villagesaintjoseph.org\/sycomore\/vous-accueillir\/","name":"Vous accueillir - Maison Le Sycomore","isPartOf":{"@id":"https:\/\/villagesaintjoseph.org\/sycomore\/#website"},"datePublished":"2021-05-03T07:48:45+00:00","dateModified":"2022-01-24T10:45:58+00:00","description":"Rejoindre la Maison \"Le Sycomore\" Vous souhaitez prendre un temps au Village Saint Joseph pour vous reconstruire ? Contactez-nous ! Un&nbsp;entretien","breadcrumb":{"@id":"https:\/\/villagesaintjoseph.org\/sycomore\/vous-accueillir\/#breadcrumb"},"inLanguage":"fr-FR","potentialAction":[{"@type":"ReadAction","target":["https:\/\/villagesaintjoseph.org\/sycomore\/vous-accueillir\/"]}]},{"@type":"BreadcrumbList","@id":"https:\/\/villagesaintjoseph.org\/sycomore\/vous-accueillir\/#breadcrumb","itemListElement":[{"@type":"ListItem","position":1,"name":"Accueil","item":"https:\/\/villagesaintjoseph.org\/sycomore\/"},{"@type":"ListItem","position":2,"name":"Vous accueillir"}]},{"@type":"WebSite","@id":"https:\/\/villagesaintjoseph.org\/sycomore\/#website","url":"https:\/\/villagesaintjoseph.org\/sycomore\/","name":"Maison Le Sycomore","description":"","potentialAction":[{"@type":"SearchAction","target":{"@type":"EntryPoint","urlTemplate":"https:\/\/villagesaintjoseph.org\/sycomore\/?s={search_term_string}"},"query-input":{"@type":"PropertyValueSpecification","valueRequired":true,"valueName":"search_term_string"}}],"inLanguage":"fr-FR"}]}},"_links":{"self":[{"href":"https:\/\/villagesaintjoseph.org\/sycomore\/wp-json\/wp\/v2\/pages\/46","targetHints":{"allow":["GET"]}}],"collection":[{"href":"https:\/\/villagesaintjoseph.org\/sycomore\/wp-json\/wp\/v2\/pages"}],"about":[{"href":"https:\/\/villagesaintjoseph.org\/sycomore\/wp-json\/wp\/v2\/types\/page"}],"author":[{"embeddable":true,"href":"https:\/\/villagesaintjoseph.org\/sycomore\/wp-json\/wp\/v2\/users\/1"}],"replies":[{"embeddable":true,"href":"https:\/\/villagesaintjoseph.org\/sycomore\/wp-json\/wp\/v2\/comments?post=46"}],"version-history":[{"count":16,"href":"https:\/\/villagesaintjoseph.org\/sycomore\/wp-json\/wp\/v2\/pages\/46\/revisions"}],"predecessor-version":[{"id":335,"href":"https:\/\/villagesaintjoseph.org\/sycomore\/wp-json\/wp\/v2\/pages\/46\/revisions\/335"}],"wp:attachment":[{"href":"https:\/\/villagesaintjoseph.org\/sycomore\/wp-json\/wp\/v2\/media?parent=46"}],"curies":[{"name":"wp","href":"https:\/\/api.w.org\/{rel}","templated":true}]}}